{"id":443,"date":"2024-03-29T16:37:08","date_gmt":"2024-03-29T15:37:08","guid":{"rendered":"http:\/\/www.centro-cee.com\/fitness\/?post_type=product&#038;p=443"},"modified":"2024-05-29T15:58:54","modified_gmt":"2024-05-29T13:58:54","slug":"monitor-a-de-gerontogimnasia","status":"publish","type":"product","link":"https:\/\/www.centro-cee.com\/fitness\/producto\/monitor-a-de-gerontogimnasia\/","title":{"rendered":"Monitor\/a de Gerontogimnasia"},"content":{"rendered":"<hr \/>\n<h4 class=\"tituloTema\">1. ESTRUCTURA Y FUNCIONES DEL CUERPO HUMANO<\/h4>\n<ol>\n<li>Anatom\u00eda<\/li>\n<li>&#8211; Posici\u00f3n anat\u00f3mica<\/li>\n<li>&#8211; Conceptos clave: planimetr\u00eda, ejes del cuerpo, simetr\u00eda y ep\u00f3nimos<\/li>\n<li>&#8211; Tipos constitucionales del cuerpo humano<\/li>\n<li>&#8211; Clasificaci\u00f3n de la anatom\u00eda<\/li>\n<li>Sistemas y aparatos de la anatom\u00eda humana<\/li>\n<li>&#8211; Sistema \u00f3seo y funciones<\/li>\n<li>&#8211; Aparato respiratorio<\/li>\n<li>&#8211; Sistema cardiovascular<\/li>\n<li>&#8211; Aparato digestivo<\/li>\n<li>&#8211; Aparato renal<\/li>\n<li>&#8211; Sistema endocrino<\/li>\n<li>&#8211; Sistema nervioso<\/li>\n<li>&#8211; La piel<\/li>\n<\/ol>\n<h4 class=\"tituloTema\">2. ESTUDIO DE LOS M\u00daSCULOS<\/h4>\n<ol>\n<li>Miolog\u00eda<\/li>\n<li>Tejidos Musculares: liso, esquel\u00e9tico y cardiaco<\/li>\n<li>&#8211; Movimientos musculares<\/li>\n<li>Caracter\u00edsticas del tejido muscular<\/li>\n<li>&#8211; Regeneraci\u00f3n del tejido muscular<\/li>\n<li>El M\u00fasculo Esquel\u00e9tico<\/li>\n<li>&#8211; Clasificaci\u00f3n de los m\u00fasculos esquel\u00e9ticos seg\u00fan: forma, acci\u00f3n y funci\u00f3n<\/li>\n<li>&#8211; Acci\u00f3n muscular sobre el esqueleto<\/li>\n<li>Uniones musculares<\/li>\n<li>Tono y fuerza muscular<\/li>\n<\/ol>\n<h4 class=\"tituloTema\">3. INTRODUCCI\u00d3N AL ENVEJECIMIENTO<\/h4>\n<ol>\n<li>Definici\u00f3n del envejecimiento<\/li>\n<li>Envejecimiento poblacional<\/li>\n<li>&#8211; Situaci\u00f3n de envejecimiento poblacional<\/li>\n<li>&#8211; Conceptos de longevidad y esperanza m\u00e1xima de vida<\/li>\n<li>&#8211; Diferentes conceptos de edad<\/li>\n<li>Teor\u00edas del envejecimiento<\/li>\n<li>&#8211; Teor\u00edas Estoc\u00e1sticas<\/li>\n<li>&#8211; Teor\u00edas no estoc\u00e1sticas<\/li>\n<li>Disciplinas importantes en la tercera edad<\/li>\n<li>&#8211; Geriatr\u00eda y gerontolog\u00eda<\/li>\n<li>&#8211; Introducci\u00f3n a la psicogerontolog\u00eda<\/li>\n<\/ol>\n<h4 class=\"tituloTema\">4. CAMBIOS PSICOL\u00d3GICOS EN LA VEJEZ<\/h4>\n<ol>\n<li>Aspectos Generales<\/li>\n<li>Cambios afectivos<\/li>\n<li>&#8211; Procesos de p\u00e9rdida: el duelo<\/li>\n<li>&#8211; Evoluci\u00f3n de la afectividad. Teor\u00edas explicativas<\/li>\n<li>El autoconcepto y la autoestima en la vejez<\/li>\n<li>Cambios en la personalidad<\/li>\n<li>Cambios en el funcionamiento cognitivo<\/li>\n<li>&#8211; Memoria<\/li>\n<li>&#8211; Aprendizaje<\/li>\n<li>&#8211; Funcionamiento Intelectual y el lenguaje<\/li>\n<li>Principales trastornos psicol\u00f3gicos en la vejez<\/li>\n<li>&#8211; Depresi\u00f3n<\/li>\n<li>&#8211; Demencias<\/li>\n<\/ol>\n<h4 class=\"tituloTema\">5. FISIOLOG\u00cdA DEL ENVEJECIMIENTO<\/h4>\n<ol>\n<li>Cambios en la fisionom\u00eda humana producto del envejecimiento<\/li>\n<li>&#8211; Cambios en el aspecto exterior<\/li>\n<li>&#8211; Cambios en la composici\u00f3n corporal<\/li>\n<li>&#8211; Cambios en los signos vitales<\/li>\n<li>&#8211; Cambios en los \u00f3rganos de los sentidos<\/li>\n<li>&#8211; Cambios en el aparato circulatorio, digestivo y en el ri\u00f1\u00f3n<\/li>\n<li>&#8211; Cambios en el sistema endocrino, el sistema inmunitario y el sistema nervioso<\/li>\n<li>&#8211; Cambios en el sistema musculoesquel\u00e9tico<\/li>\n<li>Peculiaridades de las enfermedades en el anciano<\/li>\n<li>&#8211; Enfermedades m\u00e1s frecuentes en el adulto mayor<\/li>\n<\/ol>\n<h4 class=\"tituloTema\">6. OCIO Y TIEMPO LIBRE EN EL ANCIANO<\/h4>\n<ol>\n<li>Jubilaci\u00f3n<\/li>\n<li>&#8211; El proceso<\/li>\n<li>&#8211; Los determinantes<\/li>\n<li>&#8211; La preparaci\u00f3n para la jubilaci\u00f3n<\/li>\n<li>&#8211; La jubilaci\u00f3n tard\u00eda<\/li>\n<li>Ocio y tiempo libre en el anciano<\/li>\n<li>&#8211; La importancia de realizar actividades<\/li>\n<li>&#8211; C\u00f3mo se ocupa<\/li>\n<li>&#8211; Factores que influyen en la motivaci\u00f3n hacia las actividades<\/li>\n<li>M\u00d3DULO 2. APLICACI\u00d3N DE LA ACTIVIDAD F\u00cdSICA A LA TERCERA EDAD<\/li>\n<\/ol>\n<h4 class=\"tituloTema\">7. LAS CUALIDADES F\u00cdSICAS B\u00c1SICAS Y SU ENTRENAMIENTO<\/h4>\n<ol>\n<li>La conciencia corporal y las capacidades perceptivas-motrices en el curr\u00edculum de Educaci\u00f3n F\u00edsica<\/li>\n<li>&#8211; Conciencia corporal<\/li>\n<li>&#8211; Desarrollo de las capacidades perceptivo-motrices<\/li>\n<li>Las habilidades motrices<\/li>\n<li>&#8211; Desplazamientos<\/li>\n<li>&#8211; Saltos<\/li>\n<li>&#8211; Giros<\/li>\n<li>&#8211; Lanzamientos<\/li>\n<li>&#8211; Recepciones<\/li>\n<li>Cualidades o capacidades f\u00edsicas<\/li>\n<li>&#8211; Resistencia<\/li>\n<li>&#8211; Flexibilidad<\/li>\n<li>&#8211; Fuerza<\/li>\n<li>&#8211; Velocidad<\/li>\n<li>Actividades f\u00edsico art\u00edsticas expresivas<\/li>\n<li>El ritmo a trav\u00e9s del movimiento en las metodolog\u00edas activas de educaci\u00f3n musical<\/li>\n<li>La danza como manifestaci\u00f3n expresiva<\/li>\n<li>Influencia de la m\u00fasica en la actividad f\u00edsica<\/li>\n<\/ol>\n<h4 class=\"tituloTema\">8. ACTIVIDAD F\u00cdSICA Y SU IMPORTANCIA EN EL ENVEJECIMIENTO<\/h4>\n<ol>\n<li>Ejercicio f\u00edsico y envejecimiento<\/li>\n<li>Importancia de la actividad f\u00edsica<\/li>\n<li>Prevenci\u00f3n en la actividad f\u00edsica<\/li>\n<li>Ventajas del ejercicio f\u00edsico<\/li>\n<li>Tipos de ejercicios recomendados seg\u00fan el perfil<\/li>\n<li>&#8211; Recomendaciones generales<\/li>\n<li>&#8211; Contraindicaciones<\/li>\n<li>Adaptaci\u00f3n de la actividad f\u00edsica ante diferentes anomal\u00edas frecuentes en personas mayores<\/li>\n<\/ol>\n<h4 class=\"tituloTema\">9. INTRODUCCI\u00d3N A LA GERONTOGIMNASIA<\/h4>\n<ol>\n<li>Definici\u00f3n de Gerontogimnasia<\/li>\n<li>Objetivos de la Gerontogimnasia<\/li>\n<li>Beneficios de la Gerontogimnasia<\/li>\n<li>C\u00f3mo practicar la Gerontogimnasia<\/li>\n<li>Parques biosaludables para la tercera edad<\/li>\n<\/ol>\n<h4 class=\"tituloTema\">10. DESARROLLO DE UNA SESI\u00d3N DE GERONTOGIMNASIA<\/h4>\n<ol>\n<li>Componentes de la actividad f\u00edsica en la Tercera Edad<\/li>\n<li>Estructura de la sesi\u00f3n de Gerontogimnasia<\/li>\n<li>&#8211; Calentamiento<\/li>\n<li>&#8211; Fase principal<\/li>\n<li>&#8211; Vuelta a la calma<\/li>\n<li>Beneficios seg\u00fan los tipos de ejercicios en Gerontogimnasia<\/li>\n<li>&#8211; Ejercicios de resistencia o aer\u00f3bicos<\/li>\n<li>&#8211; Ejercicios de fortalecimiento y musculaci\u00f3n<\/li>\n<li>&#8211; Ejercicios de equilibrio<\/li>\n<li>&#8211; Ejercicios de flexibilidad<\/li>\n<li>&#8211; Capacidades coordinativas<\/li>\n<li>Actividades tipo en la realizaci\u00f3n de la Gerontogimnasia<\/li>\n<li>&#8211; Actividades de resistencia o aer\u00f3bicas<\/li>\n<li>&#8211; Actividades de fortalecimiento y musculaci\u00f3n<\/li>\n<li>&#8211; Ejercicios de esfuerzo y equilibrio<\/li>\n<li>&#8211; Ejercicios de estiramiento y flexibilidad<\/li>\n<\/ol>\n<h4 class=\"tituloTema\">11. T\u00c9CNICAS DE GRUPO EN LA ANIMACI\u00d3N CON PERSONAS MAYORES<\/h4>\n<ol>\n<li>El grupo social y su definici\u00f3n<\/li>\n<li>Niveles y clases de grupos<\/li>\n<li>Etapas en el desarrollo de la vida de los grupos<\/li>\n<li>Ventajas de los grupos<\/li>\n<li>Inconvenientes de los grupos<\/li>\n<li>Din\u00e1micas de grupo<\/li>\n<li>Criterios para seleccionar la t\u00e9cnica de grupo m\u00e1s adecuada<\/li>\n<li>Clasificaci\u00f3n de las t\u00e9cnicas de grupo<\/li>\n<li>M\u00d3DULO 3. LESIONES EN LA ACTIVIDAD F\u00cdSICA Y PRIMEROS AUXILIOS<\/li>\n<\/ol>\n<h4 class=\"tituloTema\">12. LESIONES EN LA ACTIVIDAD F\u00cdSICA<\/h4>\n<ol>\n<li>Lesiones deportivas. Concepto<\/li>\n<li>&#8211; Prevenci\u00f3n de las lesiones deportivas<\/li>\n<li>&#8211; Tratamiento de las lesiones deportivas<\/li>\n<li>Lesiones en extremidades inferiores<\/li>\n<li>&#8211; Lesiones en la pierna<\/li>\n<li>&#8211; Lesiones en el pie<\/li>\n<li>&#8211; Lesiones en el muslo<\/li>\n<li>&#8211; Lesiones en la rodilla<\/li>\n<li>Lesiones en extremidades superiores y tronco<\/li>\n<li>&#8211; Lesiones en extremidad superior<\/li>\n<li>&#8211; Lesiones en hombro<\/li>\n<li>Lesiones en los ni\u00f1os<\/li>\n<li>&#8211; Lesiones m\u00e1s frecuente en los ni\u00f1os\/as<\/li>\n<li>Tratamiento de las lesiones en la pr\u00e1ctica deportiva<\/li>\n<li>&#8211; Tratamiento ortop\u00e9dico de las lesiones<\/li>\n<li>&#8211; Vendaje funcional y distintas aplicaciones deportivas<\/li>\n<li>&#8211; Lesiones de la piel causadas por las pr\u00e1cticas deportivas<\/li>\n<li>&#8211; Hidrolog\u00eda m\u00e9dica y terapias naturales complementarias<\/li>\n<\/ol>\n<h4 class=\"tituloTema\">13. PRIMEROS AUXILIOS<\/h4>\n<ol>\n<li>Reanimaci\u00f3n cardiopulmonar<\/li>\n<li>Lesiones por fr\u00edo y el calor (Congelaci\u00f3n e Hipotermia)<\/li>\n<li>&#8211; Congelaci\u00f3n<\/li>\n<li>&#8211; Hipotermia<\/li>\n<li>Calambre, agotamiento y golpe de calor<\/li>\n<li>&#8211; Calambres por el calor<\/li>\n<li>&#8211; Agotamiento por el calor<\/li>\n<li>&#8211; Golpe de calor<\/li>\n<\/ol>\n","protected":false},"excerpt":{"rendered":"<p>Se ense\u00f1an los principios del envejecimiento activo y saludable, as\u00ed como las consideraciones especiales para trabajar con esta poblaci\u00f3n, como la prevenci\u00f3n de lesiones y la atenci\u00f3n a condiciones m\u00e9dicas comunes en la tercera edad.<\/p>\n<p>Los estudiantes aprenden ejercicios espec\u00edficos dise\u00f1ados para mejorar la movilidad, la fuerza, la flexibilidad y el equilibrio en personas mayores. Se exploran t\u00e9cnicas de motivaci\u00f3n y comunicaci\u00f3n para fomentar la participaci\u00f3n activa y el bienestar emocional de los participantes. Adem\u00e1s, se abordan aspectos de seguridad y prevenci\u00f3n de ca\u00eddas durante la pr\u00e1ctica de gerontogimnasia.<\/p>\n<p>En resumen, un curso de Monitor\/a de Gerontogimnasia proporciona a los participantes los conocimientos y habilidades necesarios para liderar clases seguras y efectivas de ejercicio adaptado a adultos mayores, promoviendo la salud f\u00edsica y emocional en esta etapa de la vida.<\/p>\n","protected":false},"featured_media":444,"comment_status":"closed","ping_status":"closed","template":"","meta":[],"product_brand":[],"product_cat":[19],"product_tag":[],"class_list":{"0":"post-443","1":"product","2":"type-product","3":"status-publish","4":"has-post-thumbnail","6":"product_cat-training","8":"first","9":"instock","10":"sale","11":"virtual","12":"purchasable","13":"product-type-simple"},"yoast_head":"<!-- This site is optimized with the Yoast SEO plugin v27.3 - https:\/\/yoast.com\/product\/yoast-seo-wordpress\/ -->\n<title>Monitor\/a de Gerontogimnasia - Fitness CEE<\/title>\n<meta name=\"robots\" content=\"index, follow, max-snippet:-1, max-image-preview:large, max-video-preview:-1\" \/>\n<link rel=\"canonical\" href=\"https:\/\/www.centro-cee.com\/fitness\/producto\/monitor-a-de-gerontogimnasia\/\" \/>\n<meta property=\"og:locale\" content=\"es_ES\" \/>\n<meta property=\"og:type\" content=\"article\" \/>\n<meta property=\"og:title\" content=\"Monitor\/a de Gerontogimnasia - Fitness CEE\" \/>\n<meta property=\"og:description\" content=\"Se ense\u00f1an los principios del envejecimiento activo y saludable, as\u00ed como las consideraciones especiales para trabajar con esta poblaci\u00f3n, como la prevenci\u00f3n de lesiones y la atenci\u00f3n a condiciones m\u00e9dicas comunes en la tercera edad.  Los estudiantes aprenden ejercicios espec\u00edficos dise\u00f1ados para mejorar la movilidad, la fuerza, la flexibilidad y el equilibrio en personas mayores. Se exploran t\u00e9cnicas de motivaci\u00f3n y comunicaci\u00f3n para fomentar la participaci\u00f3n activa y el bienestar emocional de los participantes. Adem\u00e1s, se abordan aspectos de seguridad y prevenci\u00f3n de ca\u00eddas durante la pr\u00e1ctica de gerontogimnasia.  En resumen, un curso de Monitor\/a de Gerontogimnasia proporciona a los participantes los conocimientos y habilidades necesarios para liderar clases seguras y efectivas de ejercicio adaptado a adultos mayores, promoviendo la salud f\u00edsica y emocional en esta etapa de la vida.\" \/>\n<meta property=\"og:url\" content=\"https:\/\/www.centro-cee.com\/fitness\/producto\/monitor-a-de-gerontogimnasia\/\" \/>\n<meta property=\"og:site_name\" content=\"Fitness CEE\" \/>\n<meta property=\"article:modified_time\" content=\"2024-05-29T13:58:54+00:00\" \/>\n<meta property=\"og:image\" content=\"https:\/\/www.centro-cee.com\/fitness\/wp-content\/uploads\/2024\/03\/gero.jpg\" \/>\n\t<meta property=\"og:image:width\" content=\"640\" \/>\n\t<meta property=\"og:image:height\" content=\"427\" \/>\n\t<meta property=\"og:image:type\" content=\"image\/jpeg\" \/>\n<meta name=\"twitter:card\" content=\"summary_large_image\" \/>\n<meta name=\"twitter:label1\" content=\"Tiempo de lectura\" \/>\n\t<meta name=\"twitter:data1\" content=\"5 minutos\" \/>\n<script type=\"application\/ld+json\" class=\"yoast-schema-graph\">{\"@context\":\"https:\\\/\\\/schema.org\",\"@graph\":[{\"@type\":\"WebPage\",\"@id\":\"https:\\\/\\\/www.centro-cee.com\\\/fitness\\\/producto\\\/monitor-a-de-gerontogimnasia\\\/\",\"url\":\"https:\\\/\\\/www.centro-cee.com\\\/fitness\\\/producto\\\/monitor-a-de-gerontogimnasia\\\/\",\"name\":\"Monitor\\\/a de Gerontogimnasia - Fitness CEE\",\"isPartOf\":{\"@id\":\"https:\\\/\\\/www.centro-cee.com\\\/fitness\\\/#website\"},\"primaryImageOfPage\":{\"@id\":\"https:\\\/\\\/www.centro-cee.com\\\/fitness\\\/producto\\\/monitor-a-de-gerontogimnasia\\\/#primaryimage\"},\"image\":{\"@id\":\"https:\\\/\\\/www.centro-cee.com\\\/fitness\\\/producto\\\/monitor-a-de-gerontogimnasia\\\/#primaryimage\"},\"thumbnailUrl\":\"https:\\\/\\\/www.centro-cee.com\\\/fitness\\\/wp-content\\\/uploads\\\/2024\\\/03\\\/gero.jpg\",\"datePublished\":\"2024-03-29T15:37:08+00:00\",\"dateModified\":\"2024-05-29T13:58:54+00:00\",\"breadcrumb\":{\"@id\":\"https:\\\/\\\/www.centro-cee.com\\\/fitness\\\/producto\\\/monitor-a-de-gerontogimnasia\\\/#breadcrumb\"},\"inLanguage\":\"es\",\"potentialAction\":[{\"@type\":\"ReadAction\",\"target\":[\"https:\\\/\\\/www.centro-cee.com\\\/fitness\\\/producto\\\/monitor-a-de-gerontogimnasia\\\/\"]}]},{\"@type\":\"ImageObject\",\"inLanguage\":\"es\",\"@id\":\"https:\\\/\\\/www.centro-cee.com\\\/fitness\\\/producto\\\/monitor-a-de-gerontogimnasia\\\/#primaryimage\",\"url\":\"https:\\\/\\\/www.centro-cee.com\\\/fitness\\\/wp-content\\\/uploads\\\/2024\\\/03\\\/gero.jpg\",\"contentUrl\":\"https:\\\/\\\/www.centro-cee.com\\\/fitness\\\/wp-content\\\/uploads\\\/2024\\\/03\\\/gero.jpg\",\"width\":640,\"height\":427},{\"@type\":\"BreadcrumbList\",\"@id\":\"https:\\\/\\\/www.centro-cee.com\\\/fitness\\\/producto\\\/monitor-a-de-gerontogimnasia\\\/#breadcrumb\",\"itemListElement\":[{\"@type\":\"ListItem\",\"position\":1,\"name\":\"Portada\",\"item\":\"https:\\\/\\\/www.centro-cee.com\\\/fitness\\\/\"},{\"@type\":\"ListItem\",\"position\":2,\"name\":\"Monitor\\\/a de Gerontogimnasia\"}]},{\"@type\":\"WebSite\",\"@id\":\"https:\\\/\\\/www.centro-cee.com\\\/fitness\\\/#website\",\"url\":\"https:\\\/\\\/www.centro-cee.com\\\/fitness\\\/\",\"name\":\"Fitness CEE\",\"description\":\"\",\"publisher\":{\"@id\":\"https:\\\/\\\/www.centro-cee.com\\\/fitness\\\/#organization\"},\"potentialAction\":[{\"@type\":\"SearchAction\",\"target\":{\"@type\":\"EntryPoint\",\"urlTemplate\":\"https:\\\/\\\/www.centro-cee.com\\\/fitness\\\/?s={search_term_string}\"},\"query-input\":{\"@type\":\"PropertyValueSpecification\",\"valueRequired\":true,\"valueName\":\"search_term_string\"}}],\"inLanguage\":\"es\"},{\"@type\":\"Organization\",\"@id\":\"https:\\\/\\\/www.centro-cee.com\\\/fitness\\\/#organization\",\"name\":\"Fitness CEE\",\"url\":\"https:\\\/\\\/www.centro-cee.com\\\/fitness\\\/\",\"logo\":{\"@type\":\"ImageObject\",\"inLanguage\":\"es\",\"@id\":\"https:\\\/\\\/www.centro-cee.com\\\/fitness\\\/#\\\/schema\\\/logo\\\/image\\\/\",\"url\":\"https:\\\/\\\/www.centro-cee.com\\\/fitness\\\/wp-content\\\/uploads\\\/2024\\\/03\\\/l1.png\",\"contentUrl\":\"https:\\\/\\\/www.centro-cee.com\\\/fitness\\\/wp-content\\\/uploads\\\/2024\\\/03\\\/l1.png\",\"width\":786,\"height\":614,\"caption\":\"Fitness CEE\"},\"image\":{\"@id\":\"https:\\\/\\\/www.centro-cee.com\\\/fitness\\\/#\\\/schema\\\/logo\\\/image\\\/\"}}]}<\/script>\n<!-- \/ Yoast SEO plugin. -->","yoast_head_json":{"title":"Monitor\/a de Gerontogimnasia - Fitness CEE","robots":{"index":"index","follow":"follow","max-snippet":"max-snippet:-1","max-image-preview":"max-image-preview:large","max-video-preview":"max-video-preview:-1"},"canonical":"https:\/\/www.centro-cee.com\/fitness\/producto\/monitor-a-de-gerontogimnasia\/","og_locale":"es_ES","og_type":"article","og_title":"Monitor\/a de Gerontogimnasia - Fitness CEE","og_description":"Se ense\u00f1an los principios del envejecimiento activo y saludable, as\u00ed como las consideraciones especiales para trabajar con esta poblaci\u00f3n, como la prevenci\u00f3n de lesiones y la atenci\u00f3n a condiciones m\u00e9dicas comunes en la tercera edad.  Los estudiantes aprenden ejercicios espec\u00edficos dise\u00f1ados para mejorar la movilidad, la fuerza, la flexibilidad y el equilibrio en personas mayores. Se exploran t\u00e9cnicas de motivaci\u00f3n y comunicaci\u00f3n para fomentar la participaci\u00f3n activa y el bienestar emocional de los participantes. Adem\u00e1s, se abordan aspectos de seguridad y prevenci\u00f3n de ca\u00eddas durante la pr\u00e1ctica de gerontogimnasia.  En resumen, un curso de Monitor\/a de Gerontogimnasia proporciona a los participantes los conocimientos y habilidades necesarios para liderar clases seguras y efectivas de ejercicio adaptado a adultos mayores, promoviendo la salud f\u00edsica y emocional en esta etapa de la vida.","og_url":"https:\/\/www.centro-cee.com\/fitness\/producto\/monitor-a-de-gerontogimnasia\/","og_site_name":"Fitness CEE","article_modified_time":"2024-05-29T13:58:54+00:00","og_image":[{"width":640,"height":427,"url":"https:\/\/www.centro-cee.com\/fitness\/wp-content\/uploads\/2024\/03\/gero.jpg","type":"image\/jpeg"}],"twitter_card":"summary_large_image","twitter_misc":{"Tiempo de lectura":"5 minutos"},"schema":{"@context":"https:\/\/schema.org","@graph":[{"@type":"WebPage","@id":"https:\/\/www.centro-cee.com\/fitness\/producto\/monitor-a-de-gerontogimnasia\/","url":"https:\/\/www.centro-cee.com\/fitness\/producto\/monitor-a-de-gerontogimnasia\/","name":"Monitor\/a de Gerontogimnasia - Fitness CEE","isPartOf":{"@id":"https:\/\/www.centro-cee.com\/fitness\/#website"},"primaryImageOfPage":{"@id":"https:\/\/www.centro-cee.com\/fitness\/producto\/monitor-a-de-gerontogimnasia\/#primaryimage"},"image":{"@id":"https:\/\/www.centro-cee.com\/fitness\/producto\/monitor-a-de-gerontogimnasia\/#primaryimage"},"thumbnailUrl":"https:\/\/www.centro-cee.com\/fitness\/wp-content\/uploads\/2024\/03\/gero.jpg","datePublished":"2024-03-29T15:37:08+00:00","dateModified":"2024-05-29T13:58:54+00:00","breadcrumb":{"@id":"https:\/\/www.centro-cee.com\/fitness\/producto\/monitor-a-de-gerontogimnasia\/#breadcrumb"},"inLanguage":"es","potentialAction":[{"@type":"ReadAction","target":["https:\/\/www.centro-cee.com\/fitness\/producto\/monitor-a-de-gerontogimnasia\/"]}]},{"@type":"ImageObject","inLanguage":"es","@id":"https:\/\/www.centro-cee.com\/fitness\/producto\/monitor-a-de-gerontogimnasia\/#primaryimage","url":"https:\/\/www.centro-cee.com\/fitness\/wp-content\/uploads\/2024\/03\/gero.jpg","contentUrl":"https:\/\/www.centro-cee.com\/fitness\/wp-content\/uploads\/2024\/03\/gero.jpg","width":640,"height":427},{"@type":"BreadcrumbList","@id":"https:\/\/www.centro-cee.com\/fitness\/producto\/monitor-a-de-gerontogimnasia\/#breadcrumb","itemListElement":[{"@type":"ListItem","position":1,"name":"Portada","item":"https:\/\/www.centro-cee.com\/fitness\/"},{"@type":"ListItem","position":2,"name":"Monitor\/a de Gerontogimnasia"}]},{"@type":"WebSite","@id":"https:\/\/www.centro-cee.com\/fitness\/#website","url":"https:\/\/www.centro-cee.com\/fitness\/","name":"Fitness CEE","description":"","publisher":{"@id":"https:\/\/www.centro-cee.com\/fitness\/#organization"},"potentialAction":[{"@type":"SearchAction","target":{"@type":"EntryPoint","urlTemplate":"https:\/\/www.centro-cee.com\/fitness\/?s={search_term_string}"},"query-input":{"@type":"PropertyValueSpecification","valueRequired":true,"valueName":"search_term_string"}}],"inLanguage":"es"},{"@type":"Organization","@id":"https:\/\/www.centro-cee.com\/fitness\/#organization","name":"Fitness CEE","url":"https:\/\/www.centro-cee.com\/fitness\/","logo":{"@type":"ImageObject","inLanguage":"es","@id":"https:\/\/www.centro-cee.com\/fitness\/#\/schema\/logo\/image\/","url":"https:\/\/www.centro-cee.com\/fitness\/wp-content\/uploads\/2024\/03\/l1.png","contentUrl":"https:\/\/www.centro-cee.com\/fitness\/wp-content\/uploads\/2024\/03\/l1.png","width":786,"height":614,"caption":"Fitness CEE"},"image":{"@id":"https:\/\/www.centro-cee.com\/fitness\/#\/schema\/logo\/image\/"}}]}},"jetpack_sharing_enabled":true,"_links":{"self":[{"href":"https:\/\/www.centro-cee.com\/fitness\/wp-json\/wp\/v2\/product\/443","targetHints":{"allow":["GET"]}}],"collection":[{"href":"https:\/\/www.centro-cee.com\/fitness\/wp-json\/wp\/v2\/product"}],"about":[{"href":"https:\/\/www.centro-cee.com\/fitness\/wp-json\/wp\/v2\/types\/product"}],"replies":[{"embeddable":true,"href":"https:\/\/www.centro-cee.com\/fitness\/wp-json\/wp\/v2\/comments?post=443"}],"wp:featuredmedia":[{"embeddable":true,"href":"https:\/\/www.centro-cee.com\/fitness\/wp-json\/wp\/v2\/media\/444"}],"wp:attachment":[{"href":"https:\/\/www.centro-cee.com\/fitness\/wp-json\/wp\/v2\/media?parent=443"}],"wp:term":[{"taxonomy":"product_brand","embeddable":true,"href":"https:\/\/www.centro-cee.com\/fitness\/wp-json\/wp\/v2\/product_brand?post=443"},{"taxonomy":"product_cat","embeddable":true,"href":"https:\/\/www.centro-cee.com\/fitness\/wp-json\/wp\/v2\/product_cat?post=443"},{"taxonomy":"product_tag","embeddable":true,"href":"https:\/\/www.centro-cee.com\/fitness\/wp-json\/wp\/v2\/product_tag?post=443"}],"curies":[{"name":"wp","href":"https:\/\/api.w.org\/{rel}","templated":true}]}}