{"id":428,"date":"2024-03-28T19:21:44","date_gmt":"2024-03-28T18:21:44","guid":{"rendered":"http:\/\/www.centro-cee.com\/fitness\/?post_type=product&#038;p=428"},"modified":"2024-05-29T15:59:26","modified_gmt":"2024-05-29T13:59:26","slug":"monitor-deportivo-en-futbol","status":"publish","type":"product","link":"https:\/\/www.centro-cee.com\/fitness\/producto\/monitor-deportivo-en-futbol\/","title":{"rendered":"Monitor\/a Deportivo en F\u00fatbol"},"content":{"rendered":"<hr \/>\n<p><strong>1. BASES ANAT\u00d3MICAS Y FISIOL\u00d3GICAS DEL MOVIMIENTO<\/strong><\/p>\n<ol>\n<li>Introducci\u00f3n a la fisioterapia.<\/li>\n<li>&#8211; Mec\u00e1nica del movimiento.<\/li>\n<li>Fundamentos anat\u00f3micos del movimiento.<\/li>\n<li>&#8211; Planos, ejes y articulaciones.<\/li>\n<li>&#8211; Fisiolog\u00eda del movimiento.<\/li>\n<li>&#8211; Preparaci\u00f3n y gasto de la energ\u00eda.<\/li>\n<\/ol>\n<p><strong>2. SISTEMA \u00d3SEO<\/strong><\/p>\n<ol>\n<li>Morfolog\u00eda.<\/li>\n<li>Fisiolog\u00eda.<\/li>\n<li>Divisi\u00f3n del esqueleto.<\/li>\n<li>Desarrollo \u00f3seo.<\/li>\n<li>Sistema \u00f3seo.<\/li>\n<li>&#8211; Columna vertebral.<\/li>\n<li>&#8211; Tronco.<\/li>\n<li>&#8211; Extremidades.<\/li>\n<li>&#8211; Cart\u00edlagos.<\/li>\n<li>&#8211; Esqueleto apendicular.<\/li>\n<li>Articulaciones y movimiento.<\/li>\n<li>&#8211; Articulaci\u00f3n Tibio-Tarsiana o Tibio-Peroneo Astragalina.<\/li>\n<li>&#8211; Articulaci\u00f3n de la rodilla.<\/li>\n<li>&#8211; Articulaci\u00f3n coxo-femoral.<\/li>\n<li>&#8211; Articulaci\u00f3n escapulo humeral.<\/li>\n<\/ol>\n<p><strong>3. FISIOLOG\u00cdA MUSCULAR<\/strong><\/p>\n<ol>\n<li>Introducci\u00f3n.<\/li>\n<li>Tejido muscular.<\/li>\n<li>Clasificaci\u00f3n muscular.<\/li>\n<li>Acciones musculares.<\/li>\n<li>Ligamentos.<\/li>\n<li>Musculatura dorsal.<\/li>\n<li>Tendones.<\/li>\n<\/ol>\n<p><strong>4. SISTEMAS ENERG\u00c9TICOS<\/strong><\/p>\n<ol>\n<li>Sistema energ\u00e9tico.<\/li>\n<li>ATP (Adenosina Trifosfato).<\/li>\n<li>Tipos de fuentes energ\u00e9ticas.<\/li>\n<li>Sistemas anaer\u00f3bico al\u00e1ctico o sistema de fosf\u00e1geno.<\/li>\n<li>Sistema anaer\u00f3bico l\u00e1ctico o gluc\u00f3lisis anaer\u00f3bica.<\/li>\n<li>Sistema aer\u00f3bico u oxidativo.<\/li>\n<\/ol>\n<p><strong>5. METABOLISMO EN FISIOLOG\u00cdA DEL EJERCICIO<\/strong><\/p>\n<ol>\n<li>El ejercicio f\u00edsico.<\/li>\n<li>&#8211; Clasificaci\u00f3n.<\/li>\n<li>&#8211; Efectos fisiol\u00f3gicos del ejercicio f\u00edsico.<\/li>\n<li>&#8211; Efectos fisiol\u00f3gicos en ni\u00f1os y adolescentes.<\/li>\n<li>&#8211; Fases del ejercicio.<\/li>\n<li>Adaptaciones org\u00e1nicas en el ejercicio.<\/li>\n<li>&#8211; Adaptaciones metab\u00f3licas.<\/li>\n<li>&#8211; Adaptaciones circulatorias.<\/li>\n<li>&#8211; Adaptaciones card\u00edacas.<\/li>\n<li>&#8211; Adaptaciones respiratorias.<\/li>\n<li>&#8211; Adaptaciones de la sangre.<\/li>\n<li>&#8211; Adaptaciones del medio interno.<\/li>\n<li>Metabolismo energ\u00e9tico durante el ejercicio. La fatiga.<\/li>\n<li>&#8211; Fuerza, potencia, rendimiento y recuperaci\u00f3n del gluc\u00f3geno muscular.<\/li>\n<li>&#8211; La fatiga.<\/li>\n<\/ol>\n<p><strong>6. ALIMENTACI\u00d3N EN EL DEPORTE<\/strong><\/p>\n<ol>\n<li>Fundamentaci\u00f3n te\u00f3rica.<\/li>\n<li>Gasto cal\u00f3rico.<\/li>\n<li>Nutrientes en el deporte.<\/li>\n<li>&#8211; Hidratos de carbono.<\/li>\n<li>&#8211; Grasas.<\/li>\n<li>&#8211; Prote\u00ednas.<\/li>\n<li>&#8211; Agua y electrolitos.<\/li>\n<li>&#8211; Micronutrientes.<\/li>\n<\/ol>\n<p><strong>7. IMPORTANCIA DE LA PSICOLOG\u00cdA EN EL DEPORTE<\/strong><\/p>\n<ol>\n<li>Necesidades psicol\u00f3gicas en el deporte.<\/li>\n<li>La finalidad de la intervenci\u00f3n psicol\u00f3gica.<\/li>\n<li>Variables, habilidades y t\u00e9cnicas psicol\u00f3gicas.<\/li>\n<li>Entrenamiento de habilidades psicol\u00f3gicas.<\/li>\n<li>Tipos de intervenci\u00f3n psicol\u00f3gica.<\/li>\n<li>El papel de la Psicolog\u00eda.<\/li>\n<li>Participaci\u00f3n de los deportistas en la preparaci\u00f3n psicol\u00f3gica.<\/li>\n<\/ol>\n<p><strong>8. PLANIFICACI\u00d3N DEL ENTRENAMIENTO PSICOL\u00d3GICO<\/strong><\/p>\n<ol>\n<li>El deporte.<\/li>\n<li>Entrenamiento deportivo.<\/li>\n<li>&#8211; Caracter\u00edsticas del entrenamiento deportivo.<\/li>\n<li>El rendimiento deportivo.<\/li>\n<li>Componentes generales de un programa de preparaci\u00f3n psicol\u00f3gica.<\/li>\n<li>Principios significativos para la planificaci\u00f3n del entrenamiento psicol\u00f3gico.<\/li>\n<li>Planificaci\u00f3n del entrenamiento psicol\u00f3gico.<\/li>\n<li>Dise\u00f1o de programas de entrenamiento psicol\u00f3gico.<\/li>\n<\/ol>\n<p><strong>9. METODOLOG\u00cdAS DE LA ENSE\u00d1ANZA Y DEL ENTRENAMIENTO DEL F\u00daTBOL<\/strong><\/p>\n<ol>\n<li>La labor de ense\u00f1anza. \u00bfQu\u00e9 y c\u00f3mo debemos ense\u00f1ar?<\/li>\n<li>Fases en el proceso de ense\u00f1anza y aprendizaje del f\u00fatbol.<\/li>\n<li>Pautas metodol\u00f3gicas en el proceso de iniciaci\u00f3n.<\/li>\n<li>El juego: caracter\u00edsticas.<\/li>\n<li>La figura del monitor deportivo en f\u00fatbol.<\/li>\n<li>Construcci\u00f3n del juego.<\/li>\n<li>&#8211; Relaci\u00f3n con el bal\u00f3n.<\/li>\n<li>&#8211; Presencia del adversario.<\/li>\n<li>&#8211; El juego entre once: juego completo.<\/li>\n<\/ol>\n<p><strong>10. REGLAS DE JUEGO<\/strong><\/p>\n<ol>\n<li>Introducci\u00f3n: normativa.<\/li>\n<li>Reglamento (FIFA) y caracter\u00edsticas fundamentales.<\/li>\n<li>&#8211; El terreno de juego.<\/li>\n<li>&#8211; El bal\u00f3n.<\/li>\n<li>&#8211; El n\u00famero de jugadores.<\/li>\n<li>&#8211; El equipamiento de los jugadores.<\/li>\n<li>&#8211; El \u00e1rbitro.<\/li>\n<li>&#8211; La duraci\u00f3n del partido.<\/li>\n<li>&#8211; El gol marcado.<\/li>\n<li>&#8211; El fuera de juego.<\/li>\n<li>&#8211; Tiros libres.<\/li>\n<li>&#8211; El penalti.<\/li>\n<li>&#8211; El saque de banda.<\/li>\n<li>&#8211; El saque de esquina.<\/li>\n<li>Interpretaci\u00f3n de las reglas del juego.<\/li>\n<\/ol>\n<p><strong>11. T\u00c9CNICA INDIVIDUAL Y COLECTIVA<\/strong><\/p>\n<ol>\n<li>La t\u00e9cnica.<\/li>\n<li>T\u00e9cnica individual.<\/li>\n<li>&#8211; El control.<\/li>\n<li>&#8211; Habilidad.<\/li>\n<li>&#8211; La conducci\u00f3n.<\/li>\n<li>&#8211; La cobertura.<\/li>\n<li>&#8211; Golpeo con el pie.<\/li>\n<li>&#8211; Golpeo con la cabeza.<\/li>\n<li>&#8211; La finta.<\/li>\n<li>&#8211; El regate.<\/li>\n<li>&#8211; El tiro.<\/li>\n<li>T\u00e9cnica colectiva.<\/li>\n<li>&#8211; El pase.<\/li>\n<li>&#8211; El relevo t\u00e9cnico.<\/li>\n<li>&#8211; Acciones combinativas.<\/li>\n<li>T\u00e9cnica del portero.<\/li>\n<li>&#8211; T\u00e9cnica individual.<\/li>\n<li>&#8211; T\u00e9cnica colectiva.<\/li>\n<\/ol>\n<p><strong>12. LESIONES DEPORTIVAS. PREVENCI\u00d3N Y TRATAMIENTO<\/strong><\/p>\n<ol>\n<li>Introducci\u00f3n a las lesiones deportivas.<\/li>\n<li>Definici\u00f3n.<\/li>\n<li>La prevenci\u00f3n.<\/li>\n<li>Tratamiento.<\/li>\n<li>Lesiones deportivas frecuentes.<\/li>\n<li>&#8211; Introducci\u00f3n.<\/li>\n<li>&#8211; Lesiones deportivas m\u00e1s frecuentes.<\/li>\n<li>\u00bfQu\u00e9 debes hacer si te lesionas durante la realizaci\u00f3n del ejercicio f\u00edsico?<\/li>\n<li>\u00bfQu\u00e9 puedes hacer si te lesionas?<\/li>\n<li>T\u00e9cnicas utilizadas en la prevenci\u00f3n y tratamiento de lesiones.<\/li>\n<\/ol>\n<p><strong>13. PRIMEROS AUXILIOS<\/strong><\/p>\n<ol>\n<li>Introducci\u00f3n a los primeros auxilios.<\/li>\n<li>&#8211; Principios b\u00e1sicos de actuaci\u00f3n en primeros auxilios.<\/li>\n<li>&#8211; La respiraci\u00f3n.<\/li>\n<li>&#8211; El pulso.<\/li>\n<li>Actuaciones en primeros auxilios.<\/li>\n<li>&#8211; Ahogamiento.<\/li>\n<li>&#8211; Las p\u00e9rdidas de consciencia.<\/li>\n<li>&#8211; Las crisis card\u00edacas.<\/li>\n<li>&#8211; Hemorragias.<\/li>\n<li>&#8211; Las heridas.<\/li>\n<li>&#8211; Las fracturas y luxaciones.<\/li>\n<li>&#8211; Las quemaduras.<\/li>\n<li>Normas generales para la realizaci\u00f3n de vendajes.<\/li>\n<li>Maniobras de resucitaci\u00f3n cardiopulmonar.<\/li>\n<li>&#8211; Ventilaci\u00f3n manual.<\/li>\n<li>&#8211; Masaje card\u00edaco externo.<\/li>\n<\/ol>\n<p>&nbsp;<\/p>\n","protected":false},"excerpt":{"rendered":"<p>Los estudiantes estudian una variedad de temas relacionados con la teor\u00eda y la pr\u00e1ctica del f\u00fatbol. Esto incluye aspectos t\u00e9cnicos y t\u00e1cticos del juego, como las diferentes posiciones en el campo, t\u00e9cnicas de pase, dribbling, regate, y estrategias de ataque y defensa. Tambi\u00e9n se abordan temas relacionados con la preparaci\u00f3n f\u00edsica y la nutrici\u00f3n espec\u00edfica para futbolistas, as\u00ed como aspectos psicol\u00f3gicos y de liderazgo en el deporte.<\/p>\n<p>Los estudiantes aprenden sobre la planificaci\u00f3n y la organizaci\u00f3n de sesiones de entrenamiento efectivas, incluyendo la elaboraci\u00f3n de programas de entrenamiento adaptados a diferentes edades y niveles de habilidad. Se estudian tambi\u00e9n aspectos relacionados con la prevenci\u00f3n de lesiones y la gesti\u00f3n del rendimiento deportivo. Adem\u00e1s, se suelen explorar conceptos de \u00e9tica deportiva y normas de conducta adecuadas para un entorno de entrenamiento y competici\u00f3n.<\/p>\n","protected":false},"featured_media":429,"comment_status":"closed","ping_status":"closed","template":"","meta":[],"product_brand":[],"product_cat":[19],"product_tag":[],"class_list":{"0":"post-428","1":"product","2":"type-product","3":"status-publish","4":"has-post-thumbnail","6":"product_cat-training","8":"first","9":"instock","10":"sale","11":"virtual","12":"purchasable","13":"product-type-simple"},"yoast_head":"<!-- This site is optimized with the Yoast SEO plugin v27.3 - https:\/\/yoast.com\/product\/yoast-seo-wordpress\/ -->\n<title>Monitor\/a Deportivo en F\u00fatbol - Fitness CEE<\/title>\n<meta name=\"robots\" content=\"index, follow, max-snippet:-1, max-image-preview:large, max-video-preview:-1\" \/>\n<link rel=\"canonical\" href=\"https:\/\/www.centro-cee.com\/fitness\/producto\/monitor-deportivo-en-futbol\/\" \/>\n<meta property=\"og:locale\" content=\"es_ES\" \/>\n<meta property=\"og:type\" content=\"article\" \/>\n<meta property=\"og:title\" content=\"Monitor\/a Deportivo en F\u00fatbol - Fitness CEE\" \/>\n<meta property=\"og:description\" content=\"Los estudiantes estudian una variedad de temas relacionados con la teor\u00eda y la pr\u00e1ctica del f\u00fatbol. Esto incluye aspectos t\u00e9cnicos y t\u00e1cticos del juego, como las diferentes posiciones en el campo, t\u00e9cnicas de pase, dribbling, regate, y estrategias de ataque y defensa. Tambi\u00e9n se abordan temas relacionados con la preparaci\u00f3n f\u00edsica y la nutrici\u00f3n espec\u00edfica para futbolistas, as\u00ed como aspectos psicol\u00f3gicos y de liderazgo en el deporte.  Los estudiantes aprenden sobre la planificaci\u00f3n y la organizaci\u00f3n de sesiones de entrenamiento efectivas, incluyendo la elaboraci\u00f3n de programas de entrenamiento adaptados a diferentes edades y niveles de habilidad. Se estudian tambi\u00e9n aspectos relacionados con la prevenci\u00f3n de lesiones y la gesti\u00f3n del rendimiento deportivo. Adem\u00e1s, se suelen explorar conceptos de \u00e9tica deportiva y normas de conducta adecuadas para un entorno de entrenamiento y competici\u00f3n.\" \/>\n<meta property=\"og:url\" content=\"https:\/\/www.centro-cee.com\/fitness\/producto\/monitor-deportivo-en-futbol\/\" \/>\n<meta property=\"og:site_name\" content=\"Fitness CEE\" \/>\n<meta property=\"article:modified_time\" content=\"2024-05-29T13:59:26+00:00\" \/>\n<meta property=\"og:image\" content=\"https:\/\/www.centro-cee.com\/fitness\/wp-content\/uploads\/2024\/03\/futbol.jpg\" \/>\n\t<meta property=\"og:image:width\" content=\"600\" \/>\n\t<meta property=\"og:image:height\" content=\"400\" \/>\n\t<meta property=\"og:image:type\" content=\"image\/jpeg\" \/>\n<meta name=\"twitter:card\" content=\"summary_large_image\" \/>\n<meta name=\"twitter:label1\" content=\"Tiempo de lectura\" \/>\n\t<meta name=\"twitter:data1\" content=\"3 minutos\" \/>\n<script type=\"application\/ld+json\" class=\"yoast-schema-graph\">{\"@context\":\"https:\\\/\\\/schema.org\",\"@graph\":[{\"@type\":\"WebPage\",\"@id\":\"https:\\\/\\\/www.centro-cee.com\\\/fitness\\\/producto\\\/monitor-deportivo-en-futbol\\\/\",\"url\":\"https:\\\/\\\/www.centro-cee.com\\\/fitness\\\/producto\\\/monitor-deportivo-en-futbol\\\/\",\"name\":\"Monitor\\\/a Deportivo en F\u00fatbol - Fitness CEE\",\"isPartOf\":{\"@id\":\"https:\\\/\\\/www.centro-cee.com\\\/fitness\\\/#website\"},\"primaryImageOfPage\":{\"@id\":\"https:\\\/\\\/www.centro-cee.com\\\/fitness\\\/producto\\\/monitor-deportivo-en-futbol\\\/#primaryimage\"},\"image\":{\"@id\":\"https:\\\/\\\/www.centro-cee.com\\\/fitness\\\/producto\\\/monitor-deportivo-en-futbol\\\/#primaryimage\"},\"thumbnailUrl\":\"https:\\\/\\\/www.centro-cee.com\\\/fitness\\\/wp-content\\\/uploads\\\/2024\\\/03\\\/futbol.jpg\",\"datePublished\":\"2024-03-28T18:21:44+00:00\",\"dateModified\":\"2024-05-29T13:59:26+00:00\",\"breadcrumb\":{\"@id\":\"https:\\\/\\\/www.centro-cee.com\\\/fitness\\\/producto\\\/monitor-deportivo-en-futbol\\\/#breadcrumb\"},\"inLanguage\":\"es\",\"potentialAction\":[{\"@type\":\"ReadAction\",\"target\":[\"https:\\\/\\\/www.centro-cee.com\\\/fitness\\\/producto\\\/monitor-deportivo-en-futbol\\\/\"]}]},{\"@type\":\"ImageObject\",\"inLanguage\":\"es\",\"@id\":\"https:\\\/\\\/www.centro-cee.com\\\/fitness\\\/producto\\\/monitor-deportivo-en-futbol\\\/#primaryimage\",\"url\":\"https:\\\/\\\/www.centro-cee.com\\\/fitness\\\/wp-content\\\/uploads\\\/2024\\\/03\\\/futbol.jpg\",\"contentUrl\":\"https:\\\/\\\/www.centro-cee.com\\\/fitness\\\/wp-content\\\/uploads\\\/2024\\\/03\\\/futbol.jpg\",\"width\":600,\"height\":400},{\"@type\":\"BreadcrumbList\",\"@id\":\"https:\\\/\\\/www.centro-cee.com\\\/fitness\\\/producto\\\/monitor-deportivo-en-futbol\\\/#breadcrumb\",\"itemListElement\":[{\"@type\":\"ListItem\",\"position\":1,\"name\":\"Portada\",\"item\":\"https:\\\/\\\/www.centro-cee.com\\\/fitness\\\/\"},{\"@type\":\"ListItem\",\"position\":2,\"name\":\"Monitor\\\/a Deportivo en F\u00fatbol\"}]},{\"@type\":\"WebSite\",\"@id\":\"https:\\\/\\\/www.centro-cee.com\\\/fitness\\\/#website\",\"url\":\"https:\\\/\\\/www.centro-cee.com\\\/fitness\\\/\",\"name\":\"Fitness CEE\",\"description\":\"\",\"publisher\":{\"@id\":\"https:\\\/\\\/www.centro-cee.com\\\/fitness\\\/#organization\"},\"potentialAction\":[{\"@type\":\"SearchAction\",\"target\":{\"@type\":\"EntryPoint\",\"urlTemplate\":\"https:\\\/\\\/www.centro-cee.com\\\/fitness\\\/?s={search_term_string}\"},\"query-input\":{\"@type\":\"PropertyValueSpecification\",\"valueRequired\":true,\"valueName\":\"search_term_string\"}}],\"inLanguage\":\"es\"},{\"@type\":\"Organization\",\"@id\":\"https:\\\/\\\/www.centro-cee.com\\\/fitness\\\/#organization\",\"name\":\"Fitness CEE\",\"url\":\"https:\\\/\\\/www.centro-cee.com\\\/fitness\\\/\",\"logo\":{\"@type\":\"ImageObject\",\"inLanguage\":\"es\",\"@id\":\"https:\\\/\\\/www.centro-cee.com\\\/fitness\\\/#\\\/schema\\\/logo\\\/image\\\/\",\"url\":\"https:\\\/\\\/www.centro-cee.com\\\/fitness\\\/wp-content\\\/uploads\\\/2024\\\/03\\\/l1.png\",\"contentUrl\":\"https:\\\/\\\/www.centro-cee.com\\\/fitness\\\/wp-content\\\/uploads\\\/2024\\\/03\\\/l1.png\",\"width\":786,\"height\":614,\"caption\":\"Fitness CEE\"},\"image\":{\"@id\":\"https:\\\/\\\/www.centro-cee.com\\\/fitness\\\/#\\\/schema\\\/logo\\\/image\\\/\"}}]}<\/script>\n<!-- \/ Yoast SEO plugin. -->","yoast_head_json":{"title":"Monitor\/a Deportivo en F\u00fatbol - Fitness CEE","robots":{"index":"index","follow":"follow","max-snippet":"max-snippet:-1","max-image-preview":"max-image-preview:large","max-video-preview":"max-video-preview:-1"},"canonical":"https:\/\/www.centro-cee.com\/fitness\/producto\/monitor-deportivo-en-futbol\/","og_locale":"es_ES","og_type":"article","og_title":"Monitor\/a Deportivo en F\u00fatbol - Fitness CEE","og_description":"Los estudiantes estudian una variedad de temas relacionados con la teor\u00eda y la pr\u00e1ctica del f\u00fatbol. Esto incluye aspectos t\u00e9cnicos y t\u00e1cticos del juego, como las diferentes posiciones en el campo, t\u00e9cnicas de pase, dribbling, regate, y estrategias de ataque y defensa. Tambi\u00e9n se abordan temas relacionados con la preparaci\u00f3n f\u00edsica y la nutrici\u00f3n espec\u00edfica para futbolistas, as\u00ed como aspectos psicol\u00f3gicos y de liderazgo en el deporte.  Los estudiantes aprenden sobre la planificaci\u00f3n y la organizaci\u00f3n de sesiones de entrenamiento efectivas, incluyendo la elaboraci\u00f3n de programas de entrenamiento adaptados a diferentes edades y niveles de habilidad. Se estudian tambi\u00e9n aspectos relacionados con la prevenci\u00f3n de lesiones y la gesti\u00f3n del rendimiento deportivo. Adem\u00e1s, se suelen explorar conceptos de \u00e9tica deportiva y normas de conducta adecuadas para un entorno de entrenamiento y competici\u00f3n.","og_url":"https:\/\/www.centro-cee.com\/fitness\/producto\/monitor-deportivo-en-futbol\/","og_site_name":"Fitness CEE","article_modified_time":"2024-05-29T13:59:26+00:00","og_image":[{"width":600,"height":400,"url":"https:\/\/www.centro-cee.com\/fitness\/wp-content\/uploads\/2024\/03\/futbol.jpg","type":"image\/jpeg"}],"twitter_card":"summary_large_image","twitter_misc":{"Tiempo de lectura":"3 minutos"},"schema":{"@context":"https:\/\/schema.org","@graph":[{"@type":"WebPage","@id":"https:\/\/www.centro-cee.com\/fitness\/producto\/monitor-deportivo-en-futbol\/","url":"https:\/\/www.centro-cee.com\/fitness\/producto\/monitor-deportivo-en-futbol\/","name":"Monitor\/a Deportivo en F\u00fatbol - Fitness CEE","isPartOf":{"@id":"https:\/\/www.centro-cee.com\/fitness\/#website"},"primaryImageOfPage":{"@id":"https:\/\/www.centro-cee.com\/fitness\/producto\/monitor-deportivo-en-futbol\/#primaryimage"},"image":{"@id":"https:\/\/www.centro-cee.com\/fitness\/producto\/monitor-deportivo-en-futbol\/#primaryimage"},"thumbnailUrl":"https:\/\/www.centro-cee.com\/fitness\/wp-content\/uploads\/2024\/03\/futbol.jpg","datePublished":"2024-03-28T18:21:44+00:00","dateModified":"2024-05-29T13:59:26+00:00","breadcrumb":{"@id":"https:\/\/www.centro-cee.com\/fitness\/producto\/monitor-deportivo-en-futbol\/#breadcrumb"},"inLanguage":"es","potentialAction":[{"@type":"ReadAction","target":["https:\/\/www.centro-cee.com\/fitness\/producto\/monitor-deportivo-en-futbol\/"]}]},{"@type":"ImageObject","inLanguage":"es","@id":"https:\/\/www.centro-cee.com\/fitness\/producto\/monitor-deportivo-en-futbol\/#primaryimage","url":"https:\/\/www.centro-cee.com\/fitness\/wp-content\/uploads\/2024\/03\/futbol.jpg","contentUrl":"https:\/\/www.centro-cee.com\/fitness\/wp-content\/uploads\/2024\/03\/futbol.jpg","width":600,"height":400},{"@type":"BreadcrumbList","@id":"https:\/\/www.centro-cee.com\/fitness\/producto\/monitor-deportivo-en-futbol\/#breadcrumb","itemListElement":[{"@type":"ListItem","position":1,"name":"Portada","item":"https:\/\/www.centro-cee.com\/fitness\/"},{"@type":"ListItem","position":2,"name":"Monitor\/a Deportivo en F\u00fatbol"}]},{"@type":"WebSite","@id":"https:\/\/www.centro-cee.com\/fitness\/#website","url":"https:\/\/www.centro-cee.com\/fitness\/","name":"Fitness CEE","description":"","publisher":{"@id":"https:\/\/www.centro-cee.com\/fitness\/#organization"},"potentialAction":[{"@type":"SearchAction","target":{"@type":"EntryPoint","urlTemplate":"https:\/\/www.centro-cee.com\/fitness\/?s={search_term_string}"},"query-input":{"@type":"PropertyValueSpecification","valueRequired":true,"valueName":"search_term_string"}}],"inLanguage":"es"},{"@type":"Organization","@id":"https:\/\/www.centro-cee.com\/fitness\/#organization","name":"Fitness CEE","url":"https:\/\/www.centro-cee.com\/fitness\/","logo":{"@type":"ImageObject","inLanguage":"es","@id":"https:\/\/www.centro-cee.com\/fitness\/#\/schema\/logo\/image\/","url":"https:\/\/www.centro-cee.com\/fitness\/wp-content\/uploads\/2024\/03\/l1.png","contentUrl":"https:\/\/www.centro-cee.com\/fitness\/wp-content\/uploads\/2024\/03\/l1.png","width":786,"height":614,"caption":"Fitness CEE"},"image":{"@id":"https:\/\/www.centro-cee.com\/fitness\/#\/schema\/logo\/image\/"}}]}},"jetpack_sharing_enabled":true,"_links":{"self":[{"href":"https:\/\/www.centro-cee.com\/fitness\/wp-json\/wp\/v2\/product\/428","targetHints":{"allow":["GET"]}}],"collection":[{"href":"https:\/\/www.centro-cee.com\/fitness\/wp-json\/wp\/v2\/product"}],"about":[{"href":"https:\/\/www.centro-cee.com\/fitness\/wp-json\/wp\/v2\/types\/product"}],"replies":[{"embeddable":true,"href":"https:\/\/www.centro-cee.com\/fitness\/wp-json\/wp\/v2\/comments?post=428"}],"wp:featuredmedia":[{"embeddable":true,"href":"https:\/\/www.centro-cee.com\/fitness\/wp-json\/wp\/v2\/media\/429"}],"wp:attachment":[{"href":"https:\/\/www.centro-cee.com\/fitness\/wp-json\/wp\/v2\/media?parent=428"}],"wp:term":[{"taxonomy":"product_brand","embeddable":true,"href":"https:\/\/www.centro-cee.com\/fitness\/wp-json\/wp\/v2\/product_brand?post=428"},{"taxonomy":"product_cat","embeddable":true,"href":"https:\/\/www.centro-cee.com\/fitness\/wp-json\/wp\/v2\/product_cat?post=428"},{"taxonomy":"product_tag","embeddable":true,"href":"https:\/\/www.centro-cee.com\/fitness\/wp-json\/wp\/v2\/product_tag?post=428"}],"curies":[{"name":"wp","href":"https:\/\/api.w.org\/{rel}","templated":true}]}}