{"id":300,"date":"2024-03-26T20:37:16","date_gmt":"2024-03-26T19:37:16","guid":{"rendered":"http:\/\/www.centro-cee.com\/fitness\/?post_type=product&#038;p=300"},"modified":"2024-05-09T16:54:14","modified_gmt":"2024-05-09T14:54:14","slug":"monitor-a-de-aerobic-y-step","status":"publish","type":"product","link":"https:\/\/www.centro-cee.com\/fitness\/producto\/monitor-a-de-aerobic-y-step\/","title":{"rendered":"Monitor\/a de Aerobic y Step"},"content":{"rendered":"<hr \/>\n<p>1. M\u00d3DULO 1. MONITOR DE AER\u00d3BIC Y STEP<br \/>\nUNIDAD DID\u00c1CTICA 1. ESTRUCTURA Y FUNCIONAMIENTO DEL CUERPO HUMANO<br \/>\n1. El aparato locomotor<br \/>\n2. Los huesos<br \/>\n3. \u2026<br \/>\nUNIDAD DID\u00c1CTICA 2. REACCI\u00d3N Y CAMBIOS EN EL CUERPO ANTE EL EJERCICIO F\u00cdSICO<br \/>\n1. Introducci\u00f3n<br \/>\n2. Utilizaci\u00f3n de sustratos metab\u00f3licos durante el ejercicio f\u00edsico<br \/>\n3. Hidratos de carbono<br \/>\n4. \u2026<br \/>\nUNIDAD DID\u00c1CTICA 3. NUTRICI\u00d3N DEPORTIVA<br \/>\n1. Introducci\u00f3n: la nutrici\u00f3n deportiva<br \/>\n2. Los alimentos: clasificaci\u00f3n y caracter\u00edsticas<br \/>\n3. Los nutrientes<br \/>\n4. Las dietas en las personas que realizan actividad f\u00edsica<br \/>\nUNIDAD DID\u00c1CTICA 4. EL AER\u00d3BIC<br \/>\n1. Origen y evoluci\u00f3n del aer\u00f3bic<br \/>\n2. Definici\u00f3n del concepto de aer\u00f3bic y sus objetivos<br \/>\n3. Beneficios del aer\u00f3bic<br \/>\n4. \u2026<br \/>\nUNIDAD DID\u00c1CTICA 5. CUALIDADES F\u00cdSICAS B\u00c1SICAS PARA EL AER\u00d3BIC<br \/>\n1. Introducci\u00f3n: definici\u00f3n y caracter\u00edsticas de las cualidades f\u00edsicas b\u00e1sicas<br \/>\n2. Resistencia<br \/>\n3. Fuerza<br \/>\n4. Velocidad<br \/>\n5. Flexibilidad<br \/>\nUNIDAD DID\u00c1CTICA 6. OTRAS CUALIDADES F\u00cdSICAS IMPORTANTES PARA EL AER\u00d3BIC<br \/>\n1. Introducci\u00f3n<br \/>\n2. Coordinaci\u00f3n<br \/>\n3. Equilibrio<br \/>\nUNIDAD DID\u00c1CTICA 7. LA CLASE DE AER\u00d3BIC<br \/>\n1. Partes de una sesi\u00f3n de aer\u00f3bic<br \/>\n2. La m\u00fasica en una sesi\u00f3n de aer\u00f3bic<br \/>\n3. Pasos b\u00e1sicos de aer\u00f3bic<br \/>\n4. Dise\u00f1o de coreograf\u00edas<br \/>\nUNIDAD DID\u00c1CTICA 8. LESIONES DEPORTIVAS EN AER\u00d3BIC: PREVENCI\u00d3N Y TRATAMIENTO<br \/>\n1. Introducci\u00f3n a las lesiones deportivas: definici\u00f3n del concepto<br \/>\n2. Prevenci\u00f3n de las lesiones deportivas<br \/>\n3. Las lesiones deportivas leves<br \/>\n4. \u2026.<\/p>\n","protected":false},"excerpt":{"rendered":"<div class=\"flex flex-grow flex-col max-w-full\">\n<div class=\"min-h-[20px] text-message flex flex-col items-start gap-3 whitespace-pre-wrap break-words [.text-message+&amp;]:mt-5 overflow-x-auto\" data-message-author-role=\"assistant\" data-message-id=\"b0bc2c10-b699-49c0-89c2-49987e747f0b\">\n<div class=\"markdown prose w-full break-words dark:prose-invert light\">\n<p>Los participantes aprenden una variedad de rutinas de ejercicios dise\u00f1adas para mejorar la salud cardiovascular y la resistencia muscular.<\/p>\n<p>Se ense\u00f1an movimientos aer\u00f3bicos de alta intensidad, como pasos de baile, saltos y patrones de movimiento coordinados con la m\u00fasica. Adem\u00e1s, se incorpora el uso de plataformas elevadas (steps) para aumentar la intensidad y la variedad de los ejercicios, mejorando la fuerza de las piernas y la coordinaci\u00f3n.<\/p>\n<p>Los estudiantes tambi\u00e9n aprenden t\u00e9cnicas de respiraci\u00f3n adecuadas y c\u00f3mo estructurar sesiones de ejercicio efectivas y seguras.<\/p>\n<p>En resumen, el curso de Aerobic y Step proporciona a los participantes las habilidades y el conocimiento necesarios para liderar clases din\u00e1micas y motivadoras que promuevan la salud f\u00edsica y el bienestar general.<\/p>\n<\/div>\n<\/div>\n<\/div>\n","protected":false},"featured_media":302,"comment_status":"closed","ping_status":"closed","template":"","meta":[],"product_brand":[],"product_cat":[19],"product_tag":[],"class_list":{"0":"post-300","1":"product","2":"type-product","3":"status-publish","4":"has-post-thumbnail","6":"product_cat-training","8":"first","9":"instock","10":"sale","11":"virtual","12":"purchasable","13":"product-type-simple"},"yoast_head":"<!-- This site is optimized with the Yoast SEO plugin v27.3 - https:\/\/yoast.com\/product\/yoast-seo-wordpress\/ -->\n<title>Monitor\/a de Aerobic y Step - Fitness CEE<\/title>\n<meta name=\"description\" content=\"Convi\u00e9rtete en un\/a experto\/a en fitness con nuestra formaci\u00f3n de Monitor\/a de Aerobic y Step. Aprende a liderar clases din\u00e1micas y motivadoras\" \/>\n<meta name=\"robots\" content=\"index, follow, max-snippet:-1, max-image-preview:large, max-video-preview:-1\" \/>\n<link rel=\"canonical\" href=\"https:\/\/www.centro-cee.com\/fitness\/producto\/monitor-a-de-aerobic-y-step\/\" \/>\n<meta property=\"og:locale\" content=\"es_ES\" \/>\n<meta property=\"og:type\" content=\"article\" \/>\n<meta property=\"og:title\" content=\"Monitor\/a de Aerobic y Step - Fitness CEE\" \/>\n<meta property=\"og:description\" content=\"Convi\u00e9rtete en un\/a experto\/a en fitness con nuestra formaci\u00f3n de Monitor\/a de Aerobic y Step. Aprende a liderar clases din\u00e1micas y motivadoras\" \/>\n<meta property=\"og:url\" content=\"https:\/\/www.centro-cee.com\/fitness\/producto\/monitor-a-de-aerobic-y-step\/\" \/>\n<meta property=\"og:site_name\" content=\"Fitness CEE\" \/>\n<meta property=\"article:modified_time\" content=\"2024-05-09T14:54:14+00:00\" \/>\n<meta property=\"og:image\" content=\"https:\/\/www.centro-cee.com\/fitness\/wp-content\/uploads\/2024\/03\/step.png\" \/>\n\t<meta property=\"og:image:width\" content=\"701\" \/>\n\t<meta property=\"og:image:height\" content=\"465\" \/>\n\t<meta property=\"og:image:type\" content=\"image\/png\" \/>\n<meta name=\"twitter:card\" content=\"summary_large_image\" \/>\n<meta name=\"twitter:label1\" content=\"Tiempo de lectura\" \/>\n\t<meta name=\"twitter:data1\" content=\"2 minutos\" \/>\n<script type=\"application\/ld+json\" class=\"yoast-schema-graph\">{\"@context\":\"https:\\\/\\\/schema.org\",\"@graph\":[{\"@type\":\"WebPage\",\"@id\":\"https:\\\/\\\/www.centro-cee.com\\\/fitness\\\/producto\\\/monitor-a-de-aerobic-y-step\\\/\",\"url\":\"https:\\\/\\\/www.centro-cee.com\\\/fitness\\\/producto\\\/monitor-a-de-aerobic-y-step\\\/\",\"name\":\"Monitor\\\/a de Aerobic y Step - Fitness CEE\",\"isPartOf\":{\"@id\":\"https:\\\/\\\/www.centro-cee.com\\\/fitness\\\/#website\"},\"primaryImageOfPage\":{\"@id\":\"https:\\\/\\\/www.centro-cee.com\\\/fitness\\\/producto\\\/monitor-a-de-aerobic-y-step\\\/#primaryimage\"},\"image\":{\"@id\":\"https:\\\/\\\/www.centro-cee.com\\\/fitness\\\/producto\\\/monitor-a-de-aerobic-y-step\\\/#primaryimage\"},\"thumbnailUrl\":\"https:\\\/\\\/www.centro-cee.com\\\/fitness\\\/wp-content\\\/uploads\\\/2024\\\/03\\\/step.png\",\"datePublished\":\"2024-03-26T19:37:16+00:00\",\"dateModified\":\"2024-05-09T14:54:14+00:00\",\"description\":\"Convi\u00e9rtete en un\\\/a experto\\\/a en fitness con nuestra formaci\u00f3n de Monitor\\\/a de Aerobic y Step. Aprende a liderar clases din\u00e1micas y motivadoras\",\"breadcrumb\":{\"@id\":\"https:\\\/\\\/www.centro-cee.com\\\/fitness\\\/producto\\\/monitor-a-de-aerobic-y-step\\\/#breadcrumb\"},\"inLanguage\":\"es\",\"potentialAction\":[{\"@type\":\"ReadAction\",\"target\":[\"https:\\\/\\\/www.centro-cee.com\\\/fitness\\\/producto\\\/monitor-a-de-aerobic-y-step\\\/\"]}]},{\"@type\":\"ImageObject\",\"inLanguage\":\"es\",\"@id\":\"https:\\\/\\\/www.centro-cee.com\\\/fitness\\\/producto\\\/monitor-a-de-aerobic-y-step\\\/#primaryimage\",\"url\":\"https:\\\/\\\/www.centro-cee.com\\\/fitness\\\/wp-content\\\/uploads\\\/2024\\\/03\\\/step.png\",\"contentUrl\":\"https:\\\/\\\/www.centro-cee.com\\\/fitness\\\/wp-content\\\/uploads\\\/2024\\\/03\\\/step.png\",\"width\":701,\"height\":465},{\"@type\":\"BreadcrumbList\",\"@id\":\"https:\\\/\\\/www.centro-cee.com\\\/fitness\\\/producto\\\/monitor-a-de-aerobic-y-step\\\/#breadcrumb\",\"itemListElement\":[{\"@type\":\"ListItem\",\"position\":1,\"name\":\"Portada\",\"item\":\"https:\\\/\\\/www.centro-cee.com\\\/fitness\\\/\"},{\"@type\":\"ListItem\",\"position\":2,\"name\":\"Monitor\\\/a de Aerobic y Step\"}]},{\"@type\":\"WebSite\",\"@id\":\"https:\\\/\\\/www.centro-cee.com\\\/fitness\\\/#website\",\"url\":\"https:\\\/\\\/www.centro-cee.com\\\/fitness\\\/\",\"name\":\"Fitness CEE\",\"description\":\"\",\"publisher\":{\"@id\":\"https:\\\/\\\/www.centro-cee.com\\\/fitness\\\/#organization\"},\"potentialAction\":[{\"@type\":\"SearchAction\",\"target\":{\"@type\":\"EntryPoint\",\"urlTemplate\":\"https:\\\/\\\/www.centro-cee.com\\\/fitness\\\/?s={search_term_string}\"},\"query-input\":{\"@type\":\"PropertyValueSpecification\",\"valueRequired\":true,\"valueName\":\"search_term_string\"}}],\"inLanguage\":\"es\"},{\"@type\":\"Organization\",\"@id\":\"https:\\\/\\\/www.centro-cee.com\\\/fitness\\\/#organization\",\"name\":\"Fitness CEE\",\"url\":\"https:\\\/\\\/www.centro-cee.com\\\/fitness\\\/\",\"logo\":{\"@type\":\"ImageObject\",\"inLanguage\":\"es\",\"@id\":\"https:\\\/\\\/www.centro-cee.com\\\/fitness\\\/#\\\/schema\\\/logo\\\/image\\\/\",\"url\":\"https:\\\/\\\/www.centro-cee.com\\\/fitness\\\/wp-content\\\/uploads\\\/2024\\\/03\\\/l1.png\",\"contentUrl\":\"https:\\\/\\\/www.centro-cee.com\\\/fitness\\\/wp-content\\\/uploads\\\/2024\\\/03\\\/l1.png\",\"width\":786,\"height\":614,\"caption\":\"Fitness CEE\"},\"image\":{\"@id\":\"https:\\\/\\\/www.centro-cee.com\\\/fitness\\\/#\\\/schema\\\/logo\\\/image\\\/\"}}]}<\/script>\n<!-- \/ Yoast SEO plugin. -->","yoast_head_json":{"title":"Monitor\/a de Aerobic y Step - Fitness CEE","description":"Convi\u00e9rtete en un\/a experto\/a en fitness con nuestra formaci\u00f3n de Monitor\/a de Aerobic y Step. Aprende a liderar clases din\u00e1micas y motivadoras","robots":{"index":"index","follow":"follow","max-snippet":"max-snippet:-1","max-image-preview":"max-image-preview:large","max-video-preview":"max-video-preview:-1"},"canonical":"https:\/\/www.centro-cee.com\/fitness\/producto\/monitor-a-de-aerobic-y-step\/","og_locale":"es_ES","og_type":"article","og_title":"Monitor\/a de Aerobic y Step - Fitness CEE","og_description":"Convi\u00e9rtete en un\/a experto\/a en fitness con nuestra formaci\u00f3n de Monitor\/a de Aerobic y Step. Aprende a liderar clases din\u00e1micas y motivadoras","og_url":"https:\/\/www.centro-cee.com\/fitness\/producto\/monitor-a-de-aerobic-y-step\/","og_site_name":"Fitness CEE","article_modified_time":"2024-05-09T14:54:14+00:00","og_image":[{"width":701,"height":465,"url":"https:\/\/www.centro-cee.com\/fitness\/wp-content\/uploads\/2024\/03\/step.png","type":"image\/png"}],"twitter_card":"summary_large_image","twitter_misc":{"Tiempo de lectura":"2 minutos"},"schema":{"@context":"https:\/\/schema.org","@graph":[{"@type":"WebPage","@id":"https:\/\/www.centro-cee.com\/fitness\/producto\/monitor-a-de-aerobic-y-step\/","url":"https:\/\/www.centro-cee.com\/fitness\/producto\/monitor-a-de-aerobic-y-step\/","name":"Monitor\/a de Aerobic y Step - Fitness CEE","isPartOf":{"@id":"https:\/\/www.centro-cee.com\/fitness\/#website"},"primaryImageOfPage":{"@id":"https:\/\/www.centro-cee.com\/fitness\/producto\/monitor-a-de-aerobic-y-step\/#primaryimage"},"image":{"@id":"https:\/\/www.centro-cee.com\/fitness\/producto\/monitor-a-de-aerobic-y-step\/#primaryimage"},"thumbnailUrl":"https:\/\/www.centro-cee.com\/fitness\/wp-content\/uploads\/2024\/03\/step.png","datePublished":"2024-03-26T19:37:16+00:00","dateModified":"2024-05-09T14:54:14+00:00","description":"Convi\u00e9rtete en un\/a experto\/a en fitness con nuestra formaci\u00f3n de Monitor\/a de Aerobic y Step. Aprende a liderar clases din\u00e1micas y motivadoras","breadcrumb":{"@id":"https:\/\/www.centro-cee.com\/fitness\/producto\/monitor-a-de-aerobic-y-step\/#breadcrumb"},"inLanguage":"es","potentialAction":[{"@type":"ReadAction","target":["https:\/\/www.centro-cee.com\/fitness\/producto\/monitor-a-de-aerobic-y-step\/"]}]},{"@type":"ImageObject","inLanguage":"es","@id":"https:\/\/www.centro-cee.com\/fitness\/producto\/monitor-a-de-aerobic-y-step\/#primaryimage","url":"https:\/\/www.centro-cee.com\/fitness\/wp-content\/uploads\/2024\/03\/step.png","contentUrl":"https:\/\/www.centro-cee.com\/fitness\/wp-content\/uploads\/2024\/03\/step.png","width":701,"height":465},{"@type":"BreadcrumbList","@id":"https:\/\/www.centro-cee.com\/fitness\/producto\/monitor-a-de-aerobic-y-step\/#breadcrumb","itemListElement":[{"@type":"ListItem","position":1,"name":"Portada","item":"https:\/\/www.centro-cee.com\/fitness\/"},{"@type":"ListItem","position":2,"name":"Monitor\/a de Aerobic y Step"}]},{"@type":"WebSite","@id":"https:\/\/www.centro-cee.com\/fitness\/#website","url":"https:\/\/www.centro-cee.com\/fitness\/","name":"Fitness CEE","description":"","publisher":{"@id":"https:\/\/www.centro-cee.com\/fitness\/#organization"},"potentialAction":[{"@type":"SearchAction","target":{"@type":"EntryPoint","urlTemplate":"https:\/\/www.centro-cee.com\/fitness\/?s={search_term_string}"},"query-input":{"@type":"PropertyValueSpecification","valueRequired":true,"valueName":"search_term_string"}}],"inLanguage":"es"},{"@type":"Organization","@id":"https:\/\/www.centro-cee.com\/fitness\/#organization","name":"Fitness CEE","url":"https:\/\/www.centro-cee.com\/fitness\/","logo":{"@type":"ImageObject","inLanguage":"es","@id":"https:\/\/www.centro-cee.com\/fitness\/#\/schema\/logo\/image\/","url":"https:\/\/www.centro-cee.com\/fitness\/wp-content\/uploads\/2024\/03\/l1.png","contentUrl":"https:\/\/www.centro-cee.com\/fitness\/wp-content\/uploads\/2024\/03\/l1.png","width":786,"height":614,"caption":"Fitness CEE"},"image":{"@id":"https:\/\/www.centro-cee.com\/fitness\/#\/schema\/logo\/image\/"}}]}},"jetpack_sharing_enabled":true,"_links":{"self":[{"href":"https:\/\/www.centro-cee.com\/fitness\/wp-json\/wp\/v2\/product\/300","targetHints":{"allow":["GET"]}}],"collection":[{"href":"https:\/\/www.centro-cee.com\/fitness\/wp-json\/wp\/v2\/product"}],"about":[{"href":"https:\/\/www.centro-cee.com\/fitness\/wp-json\/wp\/v2\/types\/product"}],"replies":[{"embeddable":true,"href":"https:\/\/www.centro-cee.com\/fitness\/wp-json\/wp\/v2\/comments?post=300"}],"wp:featuredmedia":[{"embeddable":true,"href":"https:\/\/www.centro-cee.com\/fitness\/wp-json\/wp\/v2\/media\/302"}],"wp:attachment":[{"href":"https:\/\/www.centro-cee.com\/fitness\/wp-json\/wp\/v2\/media?parent=300"}],"wp:term":[{"taxonomy":"product_brand","embeddable":true,"href":"https:\/\/www.centro-cee.com\/fitness\/wp-json\/wp\/v2\/product_brand?post=300"},{"taxonomy":"product_cat","embeddable":true,"href":"https:\/\/www.centro-cee.com\/fitness\/wp-json\/wp\/v2\/product_cat?post=300"},{"taxonomy":"product_tag","embeddable":true,"href":"https:\/\/www.centro-cee.com\/fitness\/wp-json\/wp\/v2\/product_tag?post=300"}],"curies":[{"name":"wp","href":"https:\/\/api.w.org\/{rel}","templated":true}]}}