{"id":449,"date":"2024-03-29T17:07:42","date_gmt":"2024-03-29T16:07:42","guid":{"rendered":"http:\/\/www.centro-cee.com\/fitness\/?post_type=product&#038;p=449"},"modified":"2024-10-18T13:53:30","modified_gmt":"2024-10-18T11:53:30","slug":"monitor-a-de-reiki","status":"publish","type":"product","link":"http:\/\/www.centro-cee.com\/fitness\/producto\/monitor-a-de-reiki\/","title":{"rendered":"Monitor de Reiki"},"content":{"rendered":"<div id=\"idTab1\" class=\"rte\">\n<div><em><strong>Monitor de Reiki<\/strong><\/em><\/p>\n<hr \/>\n<h4 class=\"tituloTema\">1. BASES ANAT\u00d3MICAS Y FISIOL\u00d3GICAS DEL MOVIMIENTO<\/h4>\n<ol>\n<li>Introducci\u00f3n a la fisioterapia<\/li>\n<li>&#8211; Mec\u00e1nica del movimiento<\/li>\n<li>Fundamentos anat\u00f3micos del movimiento<\/li>\n<li>&#8211; Planos, ejes y articulaciones<\/li>\n<li>&#8211; Fisiolog\u00eda del movimiento<\/li>\n<li>&#8211; Preparaci\u00f3n y gasto de la energ\u00eda<\/li>\n<\/ol>\n<h4 class=\"tituloTema\">2. SISTEMA \u00d3SEO<\/h4>\n<ol>\n<li>Morfolog\u00eda<\/li>\n<li>Fisiolog\u00eda<\/li>\n<li>Divisi\u00f3n del esqueleto<\/li>\n<li>Desarrollo \u00f3seo<\/li>\n<li>Sistema \u00f3seo<\/li>\n<li>&#8211; Columna vertebral<\/li>\n<li>&#8211; Tronco<\/li>\n<li>&#8211; Extremidades<\/li>\n<li>&#8211; Cart\u00edlagos<\/li>\n<li>&#8211; Esqueleto apendicular<\/li>\n<li>Articulaciones y movimiento<\/li>\n<li>&#8211; Articulaci\u00f3n Tibio-Tarsiana o Tibio-Peroneo Astragalina<\/li>\n<li>&#8211; Articulaci\u00f3n de la rodilla<\/li>\n<li>&#8211; Articulaci\u00f3n coxo-femoral<\/li>\n<li>&#8211; Articulaci\u00f3n escapulo humeral<\/li>\n<\/ol>\n<h4 class=\"tituloTema\">3. FISIOLOG\u00cdA MUSCULAR<\/h4>\n<ol>\n<li>Introducci\u00f3n<\/li>\n<li>Tejido muscular<\/li>\n<li>Clasificaci\u00f3n muscular<\/li>\n<li>Acciones musculares<\/li>\n<li>Ligamentos<\/li>\n<li>Musculatura dorsal<\/li>\n<li>Tendones<\/li>\n<\/ol>\n<h4 class=\"tituloTema\">4. REIKI, NIVEL I-SHODHEN I<\/h4>\n<ol>\n<li>Introducci\u00f3n a Reiki ho<\/li>\n<li>&#8211; \u00bfQu\u00e9 es Reiki ho?<\/li>\n<li>&#8211; Fundamentos de Reiki ho<\/li>\n<li>&#8211; \u00bfQu\u00e9 es la sanaci\u00f3n? Prop\u00f3sito de la sanaci\u00f3n<\/li>\n<li>&#8211; Estructura de Reiki ho<\/li>\n<li>&#8211; S\u00edntesis de Gendai Reiki ho. Linaje y pol\u00edtica de seminarios y seguimientos<\/li>\n<li>&#8211; Sintonizaciones<\/li>\n<li>Historia de Reiki ho<\/li>\n<li>&#8211; Sobre Mikao Usui Sensei, el fundador<\/li>\n<li>&#8211; Historia de la Usui Reiki Ryoho Gakkai<\/li>\n<li>&#8211; Transmisi\u00f3n de Reiki en Jap\u00f3n y fuera de Jap\u00f3n<\/li>\n<li>&#8211; Evoluci\u00f3n del Reiki occidental. Sistemas creados en occidente<\/li>\n<li>Fundamentos b\u00e1sicos de la sanaci\u00f3n Reiki<\/li>\n<li>&#8211; C\u00f3mo utilizar las manos<\/li>\n<li>&#8211; Posiciones fijas del Reiki occidental y posiciones de Reiki tradicional japon\u00e9s<\/li>\n<li>&#8211; Autotratamiento y tratamiento a los dem\u00e1s<\/li>\n<li>&#8211; Limpieza del Aura<\/li>\n<\/ol>\n<h4 class=\"tituloTema\">5. REIKI, NIVEL I-SHODHEN II<\/h4>\n<ol>\n<li>T\u00e9cnicas de Reiki Tradicional<\/li>\n<li>&#8211; Shudan Reiki Ho \/ Renzoku Reiki ho (parrilla y marat\u00f3n Reiki)<\/li>\n<li>&#8211; Reiki Mawashi (c\u00edrculo Reiki)<\/li>\n<li>&#8211; Nentatsu ho (t\u00e9cnica para tratar h\u00e1bitos)<\/li>\n<li>&#8211; Byosen (t\u00e9cnica de escaneo)<\/li>\n<li>&#8211; Reiji ho (t\u00e9cnica intuitiva)<\/li>\n<li>T\u00e9cnicas para purificar y verter Reiki<\/li>\n<li>&#8211; Jakikiri Joka ho (t\u00e9cnica para cortar la energ\u00eda negativa)<\/li>\n<li>Sanaci\u00f3n a animales y plantas<\/li>\n<li>&#8211; Sanaci\u00f3n a los animales<\/li>\n<li>&#8211; Sanaci\u00f3n a las plantas<\/li>\n<li>&#8211; Otros usos<\/li>\n<li>&#8211; C\u00f3mo preparar agua con la energ\u00eda Reiki<\/li>\n<li>T\u00e9cnica de autopurificaci\u00f3n y autocrecimiento<\/li>\n<li>&#8211; Kenyoku ho (autolimpieza energ\u00e9tica)<\/li>\n<li>&#8211; Hikari no Kokyu ho (respiraci\u00f3n luminosa)<\/li>\n<li>&#8211; Respiraci\u00f3n Gassho<\/li>\n<li>&#8211; Ducha Reiki<\/li>\n<li>&#8211; Chakra Kassei Giho<\/li>\n<\/ol>\n<h4 class=\"tituloTema\">6. REIKI, NIVEL II-OKUDEN I<\/h4>\n<ol>\n<li>S\u00edmbolos y Kotodamas<\/li>\n<li>&#8211; Introducci\u00f3n a los s\u00edmbolos en Reiki<\/li>\n<li>&#8211; Formas de los s\u00edmbolos y sus Kotodamas<\/li>\n<li>&#8211; Funciones y usos de cada s\u00edmbolo, y su utilidad en la sanaci\u00f3n<\/li>\n<li>&#8211; Relaci\u00f3n entre las personas y los s\u00edmbolos<\/li>\n<li>Sanaci\u00f3n trascendiendo el tiempo y el espacio<\/li>\n<li>&#8211; Sanaci\u00f3n a distancia<\/li>\n<li>&#8211; Sanaci\u00f3n al pasado<\/li>\n<li>&#8211; Purificaci\u00f3n de Karma y Traumas<\/li>\n<li>&#8211; Revivir momentos felices del pasado<\/li>\n<li>&#8211; Sanaci\u00f3n al futuro<\/li>\n<\/ol>\n<h4 class=\"tituloTema\">7. REIKI, NIVEL II-OKUDEN II<\/h4>\n<ol>\n<li>T\u00e9cnicas complementarias de Reiki<\/li>\n<li>&#8211; Caja y cuaderno de Reiki<\/li>\n<li>&#8211; Reprogramaci\u00f3n<\/li>\n<li>&#8211; Aterrizaje de la energ\u00eda<\/li>\n<li>T\u00e9cnicas tradicionales de sanaci\u00f3n<\/li>\n<li>&#8211; Tanden Chiryo ho (t\u00e9cnica de desintoxicaci\u00f3n)<\/li>\n<li>&#8211; Koki ho \/ Gyoshi ho (t\u00e9cnicas de soplo y mirada)<\/li>\n<li>&#8211; Heso Chiryo ho (tratamiento del ombligo)<\/li>\n<li>&#8211; Seiheki Chiryo ho (t\u00e9cnica para enviar mensajes al subconsciente)<\/li>\n<li>&#8211; Otras t\u00e9cnicas<\/li>\n<li>&#8211; Pr\u00e1ctica de sanaci\u00f3n general de Reiki Ryoho Tradicional<\/li>\n<li>&#8211; T\u00e9cnicas de purificaci\u00f3n de la sangre<\/li>\n<li>T\u00e9cnicas de autopurificaci\u00f3n y autocrecimiento<\/li>\n<li>&#8211; Hatsurei ho (t\u00e9cnica de meditaci\u00f3n)<\/li>\n<li>&#8211; Jiko Joka (autosanaci\u00f3n)<\/li>\n<li>&#8211; Jiko no saibo ni hikari wo okuru<\/li>\n<\/ol>\n<h4 class=\"tituloTema\">8. REIKI, NIVEL III-SHINPIDEN I<\/h4>\n<ol>\n<li>Introducci\u00f3n al Nivel III de Reiki<\/li>\n<li>&#8211; El s\u00edmbolo supremo de Reiki ho, el 4\u00ba s\u00edmbolo (significado, funci\u00f3n y usos)<\/li>\n<li>T\u00e9cnicas con el s\u00edmbolo supremo<\/li>\n<li>&#8211; Autopurificaci\u00f3n con la Luz<\/li>\n<li>&#8211; Recibir gu\u00eda del Ser Superior<\/li>\n<li>&#8211; C\u00f3mo conectarnos con la Alta Dimensi\u00f3n<\/li>\n<li>&#8211; Meditaci\u00f3n Reiki<\/li>\n<li>&#8211; T\u00e9cnicas de afirmaciones<\/li>\n<\/ol>\n<h4 class=\"tituloTema\">9. REIKI, NIVEL III-SHINPIDEN II<\/h4>\n<ol>\n<li>Desde el uso de los s\u00edmbolos a la superaci\u00f3n<\/li>\n<li>&#8211; Conocer la verdad sobre los s\u00edmbolos<\/li>\n<li>&#8211; Pasos para superar los s\u00edmbolos<\/li>\n<li>La esencia de Reiki de Usui Sensei<\/li>\n<li>&#8211; Gu\u00eda para el Satori<\/li>\n<li>T\u00e9cnicas de autopurificaci\u00f3n y crecimiento<\/li>\n<li>&#8211; Respiraci\u00f3n Hado<\/li>\n<li>&#8211; Meditaci\u00f3n Hado<\/li>\n<li>&#8211; Sekizui joka ibuki ho<\/li>\n<li>&#8211; Romper bloqueos internos<\/li>\n<li>&#8211; Columnas de Luz<\/li>\n<li>T\u00e9cnicas de sanaci\u00f3n tradicionales<\/li>\n<li>&#8211; Entrenamiento solar<\/li>\n<li>&#8211; Tratamiento y respiraci\u00f3n hado<\/li>\n<\/ol>\n<h4 class=\"tituloTema\">10. REIKI, NIVEL VI-GOKUIKAIDEN<\/h4>\n<ol>\n<li>Introducci\u00f3n al nivel IV de Reiki, maestr\u00eda<\/li>\n<li>Puntos a tener en cuenta por los maestros de Reiki<\/li>\n<li>&#8211; Simplicidad de Reiki ho<\/li>\n<li>&#8211; Los Maestros son para aprender juntos y crecer juntos<\/li>\n<li>&#8211; Calificaci\u00f3n y el papel de los Maestros de Reiki<\/li>\n<li>&#8211; Significado de la palabra Maestro<\/li>\n<li>&#8211; Aprender y ense\u00f1ar<\/li>\n<li>&#8211; Condiciones de los Maestros de Reiki<\/li>\n<li>&#8211; La manera de pensar en Gendai Reiki ho<\/li>\n<li>&#8211; Reconocimiento y comprensi\u00f3n sobre la sanaci\u00f3n<\/li>\n<li>&#8211; Resumen de Reiki ho y sugerencias para la autorrealizaci\u00f3n<\/li>\n<li>Las sintonizaciones<\/li>\n<li>&#8211; Comprensi\u00f3n de las sintonizaciones<\/li>\n<li>&#8211; Comprensi\u00f3n de los s\u00edmbolos y kotodamas<\/li>\n<li>&#8211; C\u00f3mo sintonizar<\/li>\n<li>&#8211; Reiju y autoreiju<\/li>\n<li>Mikao Usui Sensei y la esencia de Reiki ho. El camino hacia el Satori<\/li>\n<li>&#8211; C\u00f3mo Usui Sensei alcanz\u00f3 Reiki<\/li>\n<li>&#8211; Su pol\u00edtica de ense\u00f1anza<\/li>\n<li>Consejos para los maestros de Gendai Reiki ho<\/li>\n<li>&#8211; Sobre c\u00f3mo vivir una vida en Reiki<\/li>\n<li>&#8211; Sobre la salud, enfermedad y sanaci\u00f3n<\/li>\n<li>&#8211; La esencia de la energ\u00eda Reiki<\/li>\n<\/ol>\n<\/div>\n<p><em><strong>Monitor de Reiki<\/strong><\/em><\/p>\n<\/div>\n","protected":false},"excerpt":{"rendered":"<p>En el curso de Reiki, los participantes exploran los principios y la filosof\u00eda detr\u00e1s de esta pr\u00e1ctica de sanaci\u00f3n energ\u00e9tica. Se estudian los conceptos fundamentales del Reiki, incluyendo la canalizaci\u00f3n y transmisi\u00f3n de energ\u00eda universal para promover el equilibrio y la armon\u00eda en el cuerpo, la mente y el esp\u00edritu.<\/p>\n<p>Los estudiantes aprenden t\u00e9cnicas de imposici\u00f3n de manos y posicionamiento energ\u00e9tico para facilitar el flujo de energ\u00eda vital a trav\u00e9s del cuerpo del receptor. Se exploran tambi\u00e9n los diferentes niveles de Reiki y los s\u00edmbolos asociados a cada nivel, as\u00ed como las pr\u00e1cticas de auto-sanaci\u00f3n y la aplicaci\u00f3n del Reiki a otras personas.<\/p>\n","protected":false},"featured_media":450,"comment_status":"closed","ping_status":"closed","template":"","meta":[],"product_brand":[],"product_cat":[18],"product_tag":[],"class_list":{"0":"post-449","1":"product","2":"type-product","3":"status-publish","4":"has-post-thumbnail","6":"product_cat-bienestar","8":"first","9":"instock","10":"sale","11":"virtual","12":"purchasable","13":"product-type-simple"},"yoast_head":"<!-- This site is optimized with the Yoast SEO plugin v27.3 - https:\/\/yoast.com\/product\/yoast-seo-wordpress\/ -->\n<title>Monitor de Reiki - Fitness CEE<\/title>\n<meta name=\"description\" content=\"Explora la sanaci\u00f3n energ\u00e9tica con nuestro curso Monitor de Reiki. Aprende t\u00e9cnicas ancestrales para equilibrar cuerpo, mente y esp\u00edritu.\" \/>\n<meta name=\"robots\" content=\"index, follow, max-snippet:-1, max-image-preview:large, max-video-preview:-1\" \/>\n<link rel=\"canonical\" href=\"http:\/\/www.centro-cee.com\/fitness\/producto\/monitor-a-de-reiki\/\" \/>\n<meta property=\"og:locale\" content=\"es_ES\" \/>\n<meta property=\"og:type\" content=\"article\" \/>\n<meta property=\"og:title\" content=\"Monitor de Reiki - Fitness CEE\" \/>\n<meta property=\"og:description\" content=\"Explora la sanaci\u00f3n energ\u00e9tica con nuestro curso Monitor de Reiki. Aprende t\u00e9cnicas ancestrales para equilibrar cuerpo, mente y esp\u00edritu.\" \/>\n<meta property=\"og:url\" content=\"http:\/\/www.centro-cee.com\/fitness\/producto\/monitor-a-de-reiki\/\" \/>\n<meta property=\"og:site_name\" content=\"Fitness CEE\" \/>\n<meta property=\"article:modified_time\" content=\"2024-10-18T11:53:30+00:00\" \/>\n<meta property=\"og:image\" content=\"http:\/\/www.centro-cee.com\/fitness\/wp-content\/uploads\/2024\/03\/rree.jpg\" \/>\n\t<meta property=\"og:image:width\" content=\"601\" \/>\n\t<meta property=\"og:image:height\" content=\"420\" \/>\n\t<meta property=\"og:image:type\" content=\"image\/jpeg\" \/>\n<meta name=\"twitter:card\" content=\"summary_large_image\" \/>\n<meta name=\"twitter:label1\" content=\"Tiempo de lectura\" \/>\n\t<meta name=\"twitter:data1\" content=\"4 minutos\" \/>\n<script type=\"application\/ld+json\" class=\"yoast-schema-graph\">{\"@context\":\"https:\\\/\\\/schema.org\",\"@graph\":[{\"@type\":\"WebPage\",\"@id\":\"http:\\\/\\\/www.centro-cee.com\\\/fitness\\\/producto\\\/monitor-a-de-reiki\\\/\",\"url\":\"http:\\\/\\\/www.centro-cee.com\\\/fitness\\\/producto\\\/monitor-a-de-reiki\\\/\",\"name\":\"Monitor de Reiki - Fitness CEE\",\"isPartOf\":{\"@id\":\"https:\\\/\\\/www.centro-cee.com\\\/fitness\\\/#website\"},\"primaryImageOfPage\":{\"@id\":\"http:\\\/\\\/www.centro-cee.com\\\/fitness\\\/producto\\\/monitor-a-de-reiki\\\/#primaryimage\"},\"image\":{\"@id\":\"http:\\\/\\\/www.centro-cee.com\\\/fitness\\\/producto\\\/monitor-a-de-reiki\\\/#primaryimage\"},\"thumbnailUrl\":\"http:\\\/\\\/www.centro-cee.com\\\/fitness\\\/wp-content\\\/uploads\\\/2024\\\/03\\\/rree.jpg\",\"datePublished\":\"2024-03-29T16:07:42+00:00\",\"dateModified\":\"2024-10-18T11:53:30+00:00\",\"description\":\"Explora la sanaci\u00f3n energ\u00e9tica con nuestro curso Monitor de Reiki. Aprende t\u00e9cnicas ancestrales para equilibrar cuerpo, mente y esp\u00edritu.\",\"breadcrumb\":{\"@id\":\"http:\\\/\\\/www.centro-cee.com\\\/fitness\\\/producto\\\/monitor-a-de-reiki\\\/#breadcrumb\"},\"inLanguage\":\"es\",\"potentialAction\":[{\"@type\":\"ReadAction\",\"target\":[\"http:\\\/\\\/www.centro-cee.com\\\/fitness\\\/producto\\\/monitor-a-de-reiki\\\/\"]}]},{\"@type\":\"ImageObject\",\"inLanguage\":\"es\",\"@id\":\"http:\\\/\\\/www.centro-cee.com\\\/fitness\\\/producto\\\/monitor-a-de-reiki\\\/#primaryimage\",\"url\":\"http:\\\/\\\/www.centro-cee.com\\\/fitness\\\/wp-content\\\/uploads\\\/2024\\\/03\\\/rree.jpg\",\"contentUrl\":\"http:\\\/\\\/www.centro-cee.com\\\/fitness\\\/wp-content\\\/uploads\\\/2024\\\/03\\\/rree.jpg\",\"width\":601,\"height\":420},{\"@type\":\"BreadcrumbList\",\"@id\":\"http:\\\/\\\/www.centro-cee.com\\\/fitness\\\/producto\\\/monitor-a-de-reiki\\\/#breadcrumb\",\"itemListElement\":[{\"@type\":\"ListItem\",\"position\":1,\"name\":\"Portada\",\"item\":\"https:\\\/\\\/www.centro-cee.com\\\/fitness\\\/\"},{\"@type\":\"ListItem\",\"position\":2,\"name\":\"Monitor de Reiki\"}]},{\"@type\":\"WebSite\",\"@id\":\"https:\\\/\\\/www.centro-cee.com\\\/fitness\\\/#website\",\"url\":\"https:\\\/\\\/www.centro-cee.com\\\/fitness\\\/\",\"name\":\"Fitness CEE\",\"description\":\"\",\"publisher\":{\"@id\":\"https:\\\/\\\/www.centro-cee.com\\\/fitness\\\/#organization\"},\"potentialAction\":[{\"@type\":\"SearchAction\",\"target\":{\"@type\":\"EntryPoint\",\"urlTemplate\":\"https:\\\/\\\/www.centro-cee.com\\\/fitness\\\/?s={search_term_string}\"},\"query-input\":{\"@type\":\"PropertyValueSpecification\",\"valueRequired\":true,\"valueName\":\"search_term_string\"}}],\"inLanguage\":\"es\"},{\"@type\":\"Organization\",\"@id\":\"https:\\\/\\\/www.centro-cee.com\\\/fitness\\\/#organization\",\"name\":\"Fitness CEE\",\"url\":\"https:\\\/\\\/www.centro-cee.com\\\/fitness\\\/\",\"logo\":{\"@type\":\"ImageObject\",\"inLanguage\":\"es\",\"@id\":\"https:\\\/\\\/www.centro-cee.com\\\/fitness\\\/#\\\/schema\\\/logo\\\/image\\\/\",\"url\":\"http:\\\/\\\/www.centro-cee.com\\\/fitness\\\/wp-content\\\/uploads\\\/2024\\\/03\\\/l1.png\",\"contentUrl\":\"http:\\\/\\\/www.centro-cee.com\\\/fitness\\\/wp-content\\\/uploads\\\/2024\\\/03\\\/l1.png\",\"width\":786,\"height\":614,\"caption\":\"Fitness CEE\"},\"image\":{\"@id\":\"https:\\\/\\\/www.centro-cee.com\\\/fitness\\\/#\\\/schema\\\/logo\\\/image\\\/\"}}]}<\/script>\n<!-- \/ Yoast SEO plugin. -->","yoast_head_json":{"title":"Monitor de Reiki - Fitness CEE","description":"Explora la sanaci\u00f3n energ\u00e9tica con nuestro curso Monitor de Reiki. Aprende t\u00e9cnicas ancestrales para equilibrar cuerpo, mente y esp\u00edritu.","robots":{"index":"index","follow":"follow","max-snippet":"max-snippet:-1","max-image-preview":"max-image-preview:large","max-video-preview":"max-video-preview:-1"},"canonical":"http:\/\/www.centro-cee.com\/fitness\/producto\/monitor-a-de-reiki\/","og_locale":"es_ES","og_type":"article","og_title":"Monitor de Reiki - Fitness CEE","og_description":"Explora la sanaci\u00f3n energ\u00e9tica con nuestro curso Monitor de Reiki. Aprende t\u00e9cnicas ancestrales para equilibrar cuerpo, mente y esp\u00edritu.","og_url":"http:\/\/www.centro-cee.com\/fitness\/producto\/monitor-a-de-reiki\/","og_site_name":"Fitness CEE","article_modified_time":"2024-10-18T11:53:30+00:00","og_image":[{"width":601,"height":420,"url":"http:\/\/www.centro-cee.com\/fitness\/wp-content\/uploads\/2024\/03\/rree.jpg","type":"image\/jpeg"}],"twitter_card":"summary_large_image","twitter_misc":{"Tiempo de lectura":"4 minutos"},"schema":{"@context":"https:\/\/schema.org","@graph":[{"@type":"WebPage","@id":"http:\/\/www.centro-cee.com\/fitness\/producto\/monitor-a-de-reiki\/","url":"http:\/\/www.centro-cee.com\/fitness\/producto\/monitor-a-de-reiki\/","name":"Monitor de Reiki - Fitness CEE","isPartOf":{"@id":"https:\/\/www.centro-cee.com\/fitness\/#website"},"primaryImageOfPage":{"@id":"http:\/\/www.centro-cee.com\/fitness\/producto\/monitor-a-de-reiki\/#primaryimage"},"image":{"@id":"http:\/\/www.centro-cee.com\/fitness\/producto\/monitor-a-de-reiki\/#primaryimage"},"thumbnailUrl":"http:\/\/www.centro-cee.com\/fitness\/wp-content\/uploads\/2024\/03\/rree.jpg","datePublished":"2024-03-29T16:07:42+00:00","dateModified":"2024-10-18T11:53:30+00:00","description":"Explora la sanaci\u00f3n energ\u00e9tica con nuestro curso Monitor de Reiki. Aprende t\u00e9cnicas ancestrales para equilibrar cuerpo, mente y esp\u00edritu.","breadcrumb":{"@id":"http:\/\/www.centro-cee.com\/fitness\/producto\/monitor-a-de-reiki\/#breadcrumb"},"inLanguage":"es","potentialAction":[{"@type":"ReadAction","target":["http:\/\/www.centro-cee.com\/fitness\/producto\/monitor-a-de-reiki\/"]}]},{"@type":"ImageObject","inLanguage":"es","@id":"http:\/\/www.centro-cee.com\/fitness\/producto\/monitor-a-de-reiki\/#primaryimage","url":"http:\/\/www.centro-cee.com\/fitness\/wp-content\/uploads\/2024\/03\/rree.jpg","contentUrl":"http:\/\/www.centro-cee.com\/fitness\/wp-content\/uploads\/2024\/03\/rree.jpg","width":601,"height":420},{"@type":"BreadcrumbList","@id":"http:\/\/www.centro-cee.com\/fitness\/producto\/monitor-a-de-reiki\/#breadcrumb","itemListElement":[{"@type":"ListItem","position":1,"name":"Portada","item":"https:\/\/www.centro-cee.com\/fitness\/"},{"@type":"ListItem","position":2,"name":"Monitor de Reiki"}]},{"@type":"WebSite","@id":"https:\/\/www.centro-cee.com\/fitness\/#website","url":"https:\/\/www.centro-cee.com\/fitness\/","name":"Fitness CEE","description":"","publisher":{"@id":"https:\/\/www.centro-cee.com\/fitness\/#organization"},"potentialAction":[{"@type":"SearchAction","target":{"@type":"EntryPoint","urlTemplate":"https:\/\/www.centro-cee.com\/fitness\/?s={search_term_string}"},"query-input":{"@type":"PropertyValueSpecification","valueRequired":true,"valueName":"search_term_string"}}],"inLanguage":"es"},{"@type":"Organization","@id":"https:\/\/www.centro-cee.com\/fitness\/#organization","name":"Fitness CEE","url":"https:\/\/www.centro-cee.com\/fitness\/","logo":{"@type":"ImageObject","inLanguage":"es","@id":"https:\/\/www.centro-cee.com\/fitness\/#\/schema\/logo\/image\/","url":"http:\/\/www.centro-cee.com\/fitness\/wp-content\/uploads\/2024\/03\/l1.png","contentUrl":"http:\/\/www.centro-cee.com\/fitness\/wp-content\/uploads\/2024\/03\/l1.png","width":786,"height":614,"caption":"Fitness CEE"},"image":{"@id":"https:\/\/www.centro-cee.com\/fitness\/#\/schema\/logo\/image\/"}}]}},"jetpack_sharing_enabled":true,"_links":{"self":[{"href":"http:\/\/www.centro-cee.com\/fitness\/wp-json\/wp\/v2\/product\/449","targetHints":{"allow":["GET"]}}],"collection":[{"href":"http:\/\/www.centro-cee.com\/fitness\/wp-json\/wp\/v2\/product"}],"about":[{"href":"http:\/\/www.centro-cee.com\/fitness\/wp-json\/wp\/v2\/types\/product"}],"replies":[{"embeddable":true,"href":"http:\/\/www.centro-cee.com\/fitness\/wp-json\/wp\/v2\/comments?post=449"}],"wp:featuredmedia":[{"embeddable":true,"href":"http:\/\/www.centro-cee.com\/fitness\/wp-json\/wp\/v2\/media\/450"}],"wp:attachment":[{"href":"http:\/\/www.centro-cee.com\/fitness\/wp-json\/wp\/v2\/media?parent=449"}],"wp:term":[{"taxonomy":"product_brand","embeddable":true,"href":"http:\/\/www.centro-cee.com\/fitness\/wp-json\/wp\/v2\/product_brand?post=449"},{"taxonomy":"product_cat","embeddable":true,"href":"http:\/\/www.centro-cee.com\/fitness\/wp-json\/wp\/v2\/product_cat?post=449"},{"taxonomy":"product_tag","embeddable":true,"href":"http:\/\/www.centro-cee.com\/fitness\/wp-json\/wp\/v2\/product_tag?post=449"}],"curies":[{"name":"wp","href":"https:\/\/api.w.org\/{rel}","templated":true}]}}